{"version":"1.0","type":"video","provider_name":"Indavideo","provider_url":"\/\/indavideo.hu\/","width":640,"height":360,"html":"<iframe class=\"indavideo-player\" allowfullscreen id=\"player-34c2922fef\" type=\"text\/html\" src=\"https:\/\/indavideo.hu\/player\/video\/34c2922fef\/\" title=\"indavideo video player\" scrolling=\"no\" width=\"640\" height=\"360\"  frameborder=\"0\"><\/iframe>","title":"Nem k\u0151' az alkotm\u00e1ny","author_named":"IndexVideo","author_url":"\/\/indavideo.hu\/profile\/IndexVideo\/","thumbnail_url":"\/\/pics.indavideo.hu\/videos\/000\/467\/427\/2-2.jpg","indavideo_url":"\/\/index.indavideo.hu\/video\/MSZP_ko","thumbnail_width":160,"thumbnail_height":120,"thumbnail_m_url":"\/\/pics.indavideo.hu\/videos\/000\/467\/427\/3-2.jpg","thumbnail_m_width":330,"thumbnail_m_height":185,"thumbnails":["\/\/pics.indavideo.hu\/videos\/000\/467\/427\/1-2.jpg","\/\/pics.indavideo.hu\/videos\/000\/467\/427\/2-2.jpg","\/\/pics.indavideo.hu\/videos\/000\/467\/427\/3-2.jpg"],"description":"Az MSZP az alkotm\u00e1ny elfogad\u00e1sa elleni tiltakoz\u00e1sul \u00e9s az \u00fajrakezd\u00e9s szimb\u00f3lumak\u00e9nt az \u00dajpesti als\u00f3 rakparton k\u0151be v\u00e9ste, hogy Magyarorsz\u00e1g k\u00f6zt\u00e1rsas\u00e1g.","length":"259","hash":"34c2922fef","id":"467427"}

Nem kő' az alkotmány

Az MSZP az alkotmány elfogadása elleni tiltakozásul és az újrakezdés szimbólumaként az Újpesti alsó rakparton kőbe véste, hogy Magyarország köztársaság.
