{"version":"1.0","type":"video","provider_name":"Indavideo","provider_url":"\/\/indavideo.hu\/","width":640,"height":360,"html":"<iframe class=\"indavideo-player\" allowfullscreen id=\"player-fd35532b26\" type=\"text\/html\" src=\"https:\/\/indavideo.hu\/player\/video\/fd35532b26\/\" title=\"indavideo video player\" scrolling=\"no\" width=\"640\" height=\"360\"  frameborder=\"0\"><\/iframe>","title":"\u00daj Lancia Thema, Majka meg\u00f6li az MX5-\u00f6t","author_named":"Totalcar","author_url":"\/\/indavideo.hu\/profile\/Totalcar\/","thumbnail_url":"\/\/pics.indavideo.hu\/videos\/000\/585\/367\/2-1.jpg","indavideo_url":"\/\/auto.indavideo.hu\/video\/TCTV3_S01_EP07_P02","thumbnail_width":160,"thumbnail_height":120,"thumbnail_m_url":"\/\/pics.indavideo.hu\/videos\/000\/585\/367\/3-1.jpg","thumbnail_m_width":330,"thumbnail_m_height":185,"thumbnails":["\/\/pics.indavideo.hu\/videos\/000\/585\/367\/1-1.jpg","\/\/pics.indavideo.hu\/videos\/000\/585\/367\/2-1.jpg","\/\/pics.indavideo.hu\/videos\/000\/585\/367\/3-1.jpg"],"description":"Pista \"olasz\" aut\u00f3t tesztel, Majka pedig \"vezet\".","length":"632","hash":"fd35532b26","id":"585367"}

Új Lancia Thema, Majka megöli az MX5-öt

Pista "olasz" autót tesztel, Majka pedig "vezet".
