{"version":"1.0","type":"video","provider_name":"Indavideo","provider_url":"\/\/indavideo.hu\/","width":640,"height":360,"html":"<iframe class=\"indavideo-player\" allowfullscreen id=\"player-056ecd705b\" type=\"text\/html\" src=\"https:\/\/indavideo.hu\/player\/video\/056ecd705b\/\" title=\"indavideo video player\" scrolling=\"no\" width=\"640\" height=\"360\"  frameborder=\"0\"><\/iframe>","title":"V\u00e1rj\u00e1k m\u00e1r a s\u00fclt galambot Medin\u00e1n","author_named":"IndexVideo","author_url":"\/\/indavideo.hu\/profile\/IndexVideo\/","thumbnail_url":"\/\/pics.indavideo.hu\/videos\/000\/448\/951\/2-2.jpg","indavideo_url":"\/\/index.indavideo.hu\/video\/Varjak_mar_a_sult_galambot_Medinan","thumbnail_width":160,"thumbnail_height":120,"thumbnail_m_url":"\/\/pics.indavideo.hu\/videos\/000\/448\/951\/3-2.jpg","thumbnail_m_width":330,"thumbnail_m_height":185,"thumbnails":["\/\/pics.indavideo.hu\/videos\/000\/448\/951\/1-2.jpg","\/\/pics.indavideo.hu\/videos\/000\/448\/951\/2-2.jpg","\/\/pics.indavideo.hu\/videos\/000\/448\/951\/3-2.jpg"],"description":"De lehet, hogy csak \u00e9gett macska \u00e9rkezik. A Zeng\u0151re sz\u00e1nt lok\u00e1tort v\u00e9g\u00fcl egy Tolna megyei telep\u00fcl\u00e9sen \u00e9p\u00edten\u00e9k fel. A projekt megosztja a lak\u00f3kat.","length":"141","hash":"056ecd705b","id":"448951"}

Várják már a sült galambot Medinán

De lehet, hogy csak égett macska érkezik. A Zengőre szánt lokátort végül egy Tolna megyei településen építenék fel. A projekt megosztja a lakókat.
