{"version":"1.0","type":"video","provider_name":"Indavideo","provider_url":"\/\/indavideo.hu\/","width":640,"height":360,"html":"<iframe class=\"indavideo-player\" allowfullscreen id=\"player-060c4ed3a1\" type=\"text\/html\" src=\"https:\/\/indavideo.hu\/player\/video\/060c4ed3a1\/\" title=\"indavideo video player\" scrolling=\"no\" width=\"640\" height=\"360\"  frameborder=\"0\"><\/iframe>","title":"\u00dajra sz\u00f3l a Bimm-bamm","author_named":"IndexVideo","author_url":"\/\/indavideo.hu\/profile\/IndexVideo\/","thumbnail_url":"\/\/pics.indavideo.hu\/videos\/000\/592\/225\/2-2.jpg","indavideo_url":"\/\/index.indavideo.hu\/video\/Pettko_Andras_ajandeka","thumbnail_width":160,"thumbnail_height":120,"thumbnail_m_url":"\/\/pics.indavideo.hu\/videos\/000\/592\/225\/3-2.jpg","thumbnail_m_width":330,"thumbnail_m_height":185,"thumbnails":["\/\/pics.indavideo.hu\/videos\/000\/592\/225\/1-2.jpg","\/\/pics.indavideo.hu\/videos\/000\/592\/225\/2-2.jpg","\/\/pics.indavideo.hu\/videos\/000\/592\/225\/3-2.jpg"],"description":"Pettk\u00f3 Andr\u00e1s ism\u00e9t elhozta nek\u00fcnk a Nemzeti Egy\u00fcttm\u0171k\u00f6d\u00e9s adventi koszor\u00faj\u00e1t. K\u00f6vesse az IndexVide\u00f3t a Facebookon is!","length":"96","hash":"060c4ed3a1","id":"592225"}

Újra szól a Bimm-bamm

Pettkó András ismét elhozta nekünk a Nemzeti Együttműködés adventi koszorúját. Kövesse az IndexVideót a Facebookon is!
