{"version":"1.0","type":"video","provider_name":"Indavideo","provider_url":"\/\/indavideo.hu\/","width":640,"height":360,"html":"<iframe class=\"indavideo-player\" allowfullscreen id=\"player-10e4cf3215\" type=\"text\/html\" src=\"https:\/\/indavideo.hu\/player\/video\/10e4cf3215\/\" title=\"indavideo video player\" scrolling=\"no\" width=\"640\" height=\"360\"  frameborder=\"0\"><\/iframe>","title":"\u00d6pi vitorl\u00e1st\u00e1bor; 2014. J\u00falius 12-18; 2 t\u00e1bor","author_named":"vitorlastaboropi","author_url":"\/\/indavideo.hu\/profile\/vitorlastaboropi\/","thumbnail_url":"\/\/pics.indavideo.hu\/videos\/001\/525\/579\/2-1.jpg","indavideo_url":"\/\/indavideo.hu\/video\/Opi_vitorlastabor_2014_Julius_12-18_2_tabor","thumbnail_width":160,"thumbnail_height":120,"thumbnail_m_url":"\/\/pics.indavideo.hu\/videos\/001\/525\/579\/3-1.jpg","thumbnail_m_width":330,"thumbnail_m_height":185,"thumbnails":["\/\/pics.indavideo.hu\/videos\/001\/525\/579\/1-1.jpg","\/\/pics.indavideo.hu\/videos\/001\/525\/579\/2-1.jpg","\/\/pics.indavideo.hu\/videos\/001\/525\/579\/3-1.jpg","\/\/pics.indavideo.hu\/videos\/001\/525\/579\/4-1.jpg","\/\/pics.indavideo.hu\/videos\/001\/525\/579\/5-1.jpg","\/\/pics.indavideo.hu\/videos\/001\/525\/579\/6-1.jpg","\/\/pics.indavideo.hu\/videos\/001\/525\/579\/7-1.jpg"],"description":"","length":"563","hash":"10e4cf3215","id":"1525579"}

Öpi vitorlástábor; 2014. Július 12-18; 2 tábor
