{"version":"1.0","type":"video","provider_name":"Indavideo","provider_url":"\/\/indavideo.hu\/","width":640,"height":360,"html":"<iframe class=\"indavideo-player\" allowfullscreen id=\"player-11e2090544\" type=\"text\/html\" src=\"https:\/\/indavideo.hu\/player\/video\/11e2090544\/\" title=\"indavideo video player\" scrolling=\"no\" width=\"640\" height=\"360\"  frameborder=\"0\"><\/iframe>","title":"Juan Manuel Marquez elfogyasztja a saj\u00e1t vizelet\u00e9t","author_named":"sportrovat","author_url":"\/\/indavideo.hu\/profile\/sportrovat\/","thumbnail_url":"\/\/pics.indavideo.hu\/videos\/000\/274\/161\/2-2.jpg","indavideo_url":"\/\/indavideo.hu\/video\/Juan_Manuel_Marquez_elfogyasztja_a_sajat_vizeletet","thumbnail_width":160,"thumbnail_height":120,"thumbnail_m_url":"\/\/pics.indavideo.hu\/videos\/000\/274\/161\/3-2.jpg","thumbnail_m_width":330,"thumbnail_m_height":185,"thumbnails":["\/\/pics.indavideo.hu\/videos\/000\/274\/161\/1-2.jpg","\/\/pics.indavideo.hu\/videos\/000\/274\/161\/2-2.jpg","\/\/pics.indavideo.hu\/videos\/000\/274\/161\/3-2.jpg","\/\/pics.indavideo.hu\/videos\/000\/274\/161\/4-2.jpg","\/\/pics.indavideo.hu\/videos\/000\/274\/161\/5-2.jpg","\/\/pics.indavideo.hu\/videos\/000\/274\/161\/6-2.jpg","\/\/pics.indavideo.hu\/videos\/000\/274\/161\/7-2.jpg"],"description":"\u00d6k\u00f6lv\u00edv\u00f3","length":"58","hash":"11e2090544","id":"274161"}

Juan Manuel Marquez elfogyasztja a saját vizeletét

Ökölvívó
