{"version":"1.0","type":"video","provider_name":"Indavideo","provider_url":"\/\/indavideo.hu\/","width":640,"height":360,"html":"<iframe class=\"indavideo-player\" allowfullscreen id=\"player-11e7c01f91\" type=\"text\/html\" src=\"https:\/\/indavideo.hu\/player\/video\/11e7c01f91\/\" title=\"indavideo video player\" scrolling=\"no\" width=\"640\" height=\"360\"  frameborder=\"0\"><\/iframe>","title":"Mi lett vel\u00fck az\u00f3ta... Erika","author_named":"BenedekBence","author_url":"\/\/indavideo.hu\/profile\/BenedekBence\/","thumbnail_url":"\/\/pics.indavideo.hu\/videos\/000\/914\/653\/2-1.jpg","indavideo_url":"\/\/indavideo.hu\/video\/Mi_lett_veluk_azota_Erika","thumbnail_width":160,"thumbnail_height":120,"thumbnail_m_url":"\/\/pics.indavideo.hu\/videos\/000\/914\/653\/3-1.jpg","thumbnail_m_width":330,"thumbnail_m_height":185,"thumbnails":["\/\/pics.indavideo.hu\/videos\/000\/914\/653\/1-1.jpg","\/\/pics.indavideo.hu\/videos\/000\/914\/653\/2-1.jpg","\/\/pics.indavideo.hu\/videos\/000\/914\/653\/3-1.jpg","\/\/pics.indavideo.hu\/videos\/000\/914\/653\/4-1.jpg","\/\/pics.indavideo.hu\/videos\/000\/914\/653\/5-1.jpg"],"description":"Egy \u00faj sorozat indul el, melyben felkeresem a LifeT!lten eddig nyilv\u00e1nosan lefogyott embereket, \u00e9s arr\u00f3l k\u00e9rdezem \u0151ket, mi t\u00f6rt\u00e9nt vel\u00fck az\u00f3ta, hogy v\u00e9get \u00e9rt a programjuk. Els\u0151k\u00e9nt a Slim3 els\u0151 \u00e9vad\u00e1ban, az anya kateg\u00f3ri\u00e1ban indul\u00f3 Erik\u00e1t kerestem fel.  \r\n\r\nErika programja 2012 janu\u00e1r 16.-\u00e1n \u00e9rt v\u00e9get, az\u00f3ta eltelt 10 h\u00f3nap. A felv\u00e9tel 2012 november 21.-\u00e9n k\u00e9sz\u00fclt...","length":"304","hash":"11e7c01f91","id":"914653"}

Mi lett velük azóta... Erika

Egy új sorozat indul el, melyben felkeresem a LifeT!lten eddig nyilvánosan lefogyott embereket, és arról kérdezem őket, mi történt velük azóta, hogy véget ért a programjuk. Elsőként a Slim3 első évadában, az anya kategóriában induló Erikát kerestem fel.  

Erika programja 2012 január 16.-án ért véget, azóta eltelt 10 hónap. A felvétel 2012 november 21.-én készült...
