{"version":"1.0","type":"video","provider_name":"Indavideo","provider_url":"\/\/indavideo.hu\/","width":640,"height":360,"html":"<iframe class=\"indavideo-player\" allowfullscreen id=\"player-13befb3809\" type=\"text\/html\" src=\"https:\/\/indavideo.hu\/player\/video\/13befb3809\/\" title=\"indavideo video player\" scrolling=\"no\" width=\"640\" height=\"360\"  frameborder=\"0\"><\/iframe>","title":"Kipr\u00f3b\u00e1ltuk a s\u00edel\u00e9st, ahol a lavina, \u00e9s nem a lejt\u0151 a kih\u00edv\u00e1s","author_named":"IndexVideo","author_url":"\/\/indavideo.hu\/profile\/IndexVideo\/","thumbnail_url":"\/\/pics.indavideo.hu\/videos\/002\/865\/934\/2-2.jpg","indavideo_url":"\/\/index.indavideo.hu\/video\/situra_1","thumbnail_width":160,"thumbnail_height":120,"thumbnail_m_url":"\/\/pics.indavideo.hu\/videos\/002\/865\/934\/3-2.jpg","thumbnail_m_width":330,"thumbnail_m_height":185,"thumbnails":["\/\/pics.indavideo.hu\/videos\/002\/865\/934\/1-2.jpg","\/\/pics.indavideo.hu\/videos\/002\/865\/934\/2-2.jpg","\/\/pics.indavideo.hu\/videos\/002\/865\/934\/3-2.jpg","\/\/pics.indavideo.hu\/videos\/002\/865\/934\/4-2.jpg","\/\/pics.indavideo.hu\/videos\/002\/865\/934\/5-2.jpg","\/\/pics.indavideo.hu\/videos\/002\/865\/934\/6-2.jpg","\/\/pics.indavideo.hu\/videos\/002\/865\/934\/7-2.jpg"],"description":"A s\u00edp\u00e1ly\u00e1k t\u00f6megei el\u0151l egyre t\u00f6bben menek\u00fclnek a n\u00e9ptelen hegyoldalakra, a sz\u0171z h\u00f3ba s\u00edelni. Mi Ausztria t\u00falv\u00e9g\u00e9re, Vorarlbergbe utaztunk, hogy kipr\u00f3b\u00e1ljuk a s\u00edt\u00fara-felszerel\u00e9st \u00e9s felkapaszkodjunk Silvretta-Montafon 2-3 ezres hegyei k\u00f6z\u00e9. Ezzel a s\u00edl\u00e9ccel ugyanis f\u00f6lfel\u00e9 is lehet haladni. Hegyi vezet\u0151nk elmondta, hogy \u00e9ppen ez a nagyszer\u0171 tulajdons\u00e1g okozhat trag\u00e9di\u00e1kat is. Ha n\u00e9z\u0151ink is kipr\u00f3b\u00e1ln\u00e1k, vigyenek magukkal \u00e1s\u00f3t, lavinaszond\u00e1t \u00e9s jelad\u00f3t!","length":"379","hash":"13befb3809","id":"2865934"}

Kipróbáltuk a síelést, ahol a lavina, és nem a lejtő a kihívás

A sípályák tömegei elől egyre többen menekülnek a néptelen hegyoldalakra, a szűz hóba síelni. Mi Ausztria túlvégére, Vorarlbergbe utaztunk, hogy kipróbáljuk a sítúra-felszerelést és felkapaszkodjunk Silvretta-Montafon 2-3 ezres hegyei közé. Ezzel a síléccel ugyanis fölfelé is lehet haladni. Hegyi vezetőnk elmondta, hogy éppen ez a nagyszerű tulajdonság okozhat tragédiákat is. Ha nézőink is kipróbálnák, vigyenek magukkal ásót, lavinaszondát és jeladót!
