{"version":"1.0","type":"video","provider_name":"Indavideo","provider_url":"\/\/indavideo.hu\/","width":640,"height":360,"html":"<iframe class=\"indavideo-player\" allowfullscreen id=\"player-163bd91e97\" type=\"text\/html\" src=\"https:\/\/indavideo.hu\/player\/video\/163bd91e97\/\" title=\"indavideo video player\" scrolling=\"no\" width=\"640\" height=\"360\"  frameborder=\"0\"><\/iframe>","title":"Itt az els\u0151 Varga-csomag","author_named":"IndexVideo","author_url":"\/\/indavideo.hu\/profile\/IndexVideo\/","thumbnail_url":"\/\/pics.indavideo.hu\/videos\/001\/085\/331\/2-2.jpg","indavideo_url":"\/\/index.indavideo.hu\/video\/2013_05110_varga_sajtotajekoztato","thumbnail_width":160,"thumbnail_height":120,"thumbnail_m_url":"\/\/pics.indavideo.hu\/videos\/001\/085\/331\/3-2.jpg","thumbnail_m_width":330,"thumbnail_m_height":185,"thumbnails":["\/\/pics.indavideo.hu\/videos\/001\/085\/331\/1-2.jpg","\/\/pics.indavideo.hu\/videos\/001\/085\/331\/2-2.jpg","\/\/pics.indavideo.hu\/videos\/001\/085\/331\/3-2.jpg","\/\/pics.indavideo.hu\/videos\/001\/085\/331\/4-2.jpg","\/\/pics.indavideo.hu\/videos\/001\/085\/331\/5-2.jpg"],"description":"B\u00e1r \u00e1prilisban m\u00e9g \u00fagy t\u0171nt, nem kellenek megszor\u00edt\u00e1sok ahhoz, hogy kiker\u00fclj\u00fcnk a t\u00falzottdeficit-elj\u00e1r\u00e1s al\u00f3l, Varga ma m\u00e9gis \u00faj csomagot jelentett be.","length":"190","hash":"163bd91e97","id":"1085331"}

Itt az első Varga-csomag

Bár áprilisban még úgy tűnt, nem kellenek megszorítások ahhoz, hogy kikerüljünk a túlzottdeficit-eljárás alól, Varga ma mégis új csomagot jelentett be.
