{"version":"1.0","type":"video","provider_name":"Indavideo","provider_url":"\/\/indavideo.hu\/","width":640,"height":360,"html":"<iframe class=\"indavideo-player\" allowfullscreen id=\"player-1c2b8ae164\" type=\"text\/html\" src=\"https:\/\/indavideo.hu\/player\/video\/1c2b8ae164\/\" title=\"indavideo video player\" scrolling=\"no\" width=\"640\" height=\"360\"  frameborder=\"0\"><\/iframe>","title":"A tehetetlen\u00fcl l\u00f3g\u00f3 terhes n\u0151 k\u00e9pe kit\u00f6r\u00f6lhetetlen","author_named":"IndexVideo","author_url":"\/\/indavideo.hu\/profile\/IndexVideo\/","thumbnail_url":"\/\/pics.indavideo.hu\/videos\/001\/947\/259\/2-3.jpg","indavideo_url":"\/\/index.indavideo.hu\/video\/2015_11_28_parizs","thumbnail_width":160,"thumbnail_height":120,"thumbnail_m_url":"\/\/pics.indavideo.hu\/videos\/001\/947\/259\/3-3.jpg","thumbnail_m_width":330,"thumbnail_m_height":185,"thumbnails":["\/\/pics.indavideo.hu\/videos\/001\/947\/259\/1-3.jpg","\/\/pics.indavideo.hu\/videos\/001\/947\/259\/2-3.jpg","\/\/pics.indavideo.hu\/videos\/001\/947\/259\/3-3.jpg","\/\/pics.indavideo.hu\/videos\/001\/947\/259\/4-3.jpg","\/\/pics.indavideo.hu\/videos\/001\/947\/259\/5-3.jpg","\/\/pics.indavideo.hu\/videos\/001\/947\/259\/6-3.jpg","\/\/pics.indavideo.hu\/videos\/001\/947\/259\/7-3.jpg"],"description":"Az ablak\u00e1b\u00f3l l\u00e1tta, hogy l\u00f6vik \u00e9s \u00f6lik az embereket a Bataclanban. Daniel Psenny k\u00e9sz\u00edtette a h\u00edres vide\u00f3t, amelyen l\u00e1thatjuk, hogy menek\u00fclnek az emberek a terrorist\u00e1k el\u0151l a p\u00e1rizsi koncertterem h\u00e1ts\u00f3 bej\u00e1rat\u00e1n a 130 \u00e9letet k\u00f6vetel\u0151 terrorcselekm\u00e9nyek \u00e9jszak\u00e1j\u00e1n. A f\u00e9rfi k\u00e9s\u0151bb seg\u00edteni pr\u00f3b\u00e1lt, de \u0151 is goly\u00f3t kapott. A Le Monde \u00fajs\u00e1g\u00edr\u00f3ja csak az Indexnek mes\u00e9l arr\u00f3l az \u00e9jszak\u00e1r\u00f3l.","length":"399","hash":"1c2b8ae164","id":"1947259"}

A tehetetlenül lógó terhes nő képe kitörölhetetlen

Az ablakából látta, hogy lövik és ölik az embereket a Bataclanban. Daniel Psenny készítette a híres videót, amelyen láthatjuk, hogy menekülnek az emberek a terroristák elől a párizsi koncertterem hátsó bejáratán a 130 életet követelő terrorcselekmények éjszakáján. A férfi később segíteni próbált, de ő is golyót kapott. A Le Monde újságírója csak az Indexnek mesél arról az éjszakáról.
