{"version":"1.0","type":"video","provider_name":"Indavideo","provider_url":"\/\/indavideo.hu\/","width":640,"height":360,"html":"<iframe class=\"indavideo-player\" allowfullscreen id=\"player-20bb7fbe6a\" type=\"text\/html\" src=\"https:\/\/indavideo.hu\/player\/video\/20bb7fbe6a\/\" title=\"indavideo video player\" scrolling=\"no\" width=\"640\" height=\"360\"  frameborder=\"0\"><\/iframe>","title":"Zengett a b\u00f3vli a Kossuth t\u00e9ren","author_named":"IndexVideo","author_url":"\/\/indavideo.hu\/profile\/IndexVideo\/","thumbnail_url":"\/\/pics.indavideo.hu\/videos\/000\/601\/441\/2-2.jpg","indavideo_url":"\/\/index.indavideo.hu\/video\/Zengett_a_bovli_a_Kossuth_teren","thumbnail_width":160,"thumbnail_height":120,"thumbnail_m_url":"\/\/pics.indavideo.hu\/videos\/000\/601\/441\/3-2.jpg","thumbnail_m_width":330,"thumbnail_m_height":185,"thumbnails":["\/\/pics.indavideo.hu\/videos\/000\/601\/441\/1-2.jpg","\/\/pics.indavideo.hu\/videos\/000\/601\/441\/2-2.jpg","\/\/pics.indavideo.hu\/videos\/000\/601\/441\/3-2.jpg"],"description":"Az LMP t\u00fcntet\u00e9se ut\u00e1n a demonstr\u00e1l\u00f3k egy r\u00e9sze nem ment haza, hanem a Parlament el\u00e9 vonult, \u00e9s a szavaz\u00e1sr\u00f3l t\u00e1voz\u00f3 fideszes k\u00e9pvisel\u0151ket szidalmazt\u00e1k.K\u00f6vesse az IndexVide\u00f3t a Facebookon is!","length":"81","hash":"20bb7fbe6a","id":"601441"}

Zengett a bóvli a Kossuth téren

Az LMP tüntetése után a demonstrálók egy része nem ment haza, hanem a Parlament elé vonult, és a szavazásról távozó fideszes képviselőket szidalmazták.Kövesse az IndexVideót a Facebookon is!
