{"version":"1.0","type":"video","provider_name":"Indavideo","provider_url":"\/\/indavideo.hu\/","width":640,"height":360,"html":"<iframe class=\"indavideo-player\" allowfullscreen id=\"player-25ba782888\" type=\"text\/html\" src=\"https:\/\/indavideo.hu\/player\/video\/25ba782888\/\" title=\"indavideo video player\" scrolling=\"no\" width=\"640\" height=\"360\"  frameborder=\"0\"><\/iframe>","title":"Alakul az \u00faj sajt\u00f3rend az Orsz\u00e1gh\u00e1zban","author_named":"RiszpektHaz","author_url":"\/\/indavideo.hu\/profile\/RiszpektHaz\/","thumbnail_url":"\/\/pics.indavideo.hu\/videos\/000\/437\/431\/2-2.jpg","indavideo_url":"\/\/index.indavideo.hu\/video\/Alakul_az_uj_sajtorend_az_Orszaghazban","thumbnail_width":160,"thumbnail_height":120,"thumbnail_m_url":"\/\/pics.indavideo.hu\/videos\/000\/437\/431\/3-2.jpg","thumbnail_m_width":330,"thumbnail_m_height":185,"thumbnails":["\/\/pics.indavideo.hu\/videos\/000\/437\/431\/1-2.jpg","\/\/pics.indavideo.hu\/videos\/000\/437\/431\/2-2.jpg","\/\/pics.indavideo.hu\/videos\/000\/437\/431\/3-2.jpg"],"description":"Mi\u00e9rt vett\u00fck \u00e9szre, hogy Orb\u00e1n kopaszodik? Mi\u00e9rt volt telt h\u00e1z a Jobbik aleln\u00f6k\u00e9nek sajt\u00f3t\u00e1j\u00e9koztat\u00f3j\u00e1n? A meg\u00fajul\u00e1s elkezd\u0151d\u00f6tt, m\u00e1s lett a parlamenti munka. B\u00f3nusz: Megtudtuk, mi\u00e9rt nem f\u00e1zik L\u00e1z\u00e1r J\u00e1nos sof\u0151rje.","length":"386","hash":"25ba782888","id":"437431"}

Alakul az új sajtórend az Országházban

Miért vettük észre, hogy Orbán kopaszodik? Miért volt telt ház a Jobbik alelnökének sajtótájékoztatóján? A megújulás elkezdődött, más lett a parlamenti munka. Bónusz: Megtudtuk, miért nem fázik Lázár János sofőrje.
