{"version":"1.0","type":"video","provider_name":"Indavideo","provider_url":"\/\/indavideo.hu\/","width":640,"height":360,"html":"<iframe class=\"indavideo-player\" allowfullscreen id=\"player-2bfc2c3587\" type=\"text\/html\" src=\"https:\/\/indavideo.hu\/player\/video\/2bfc2c3587\/\" title=\"indavideo video player\" scrolling=\"no\" width=\"640\" height=\"360\"  frameborder=\"0\"><\/iframe>","title":"Jobban kell f\u0151zni a k\u00f3rh\u00e1zakban","author_named":"IndexVideo","author_url":"\/\/indavideo.hu\/profile\/IndexVideo\/","thumbnail_url":"\/\/pics.indavideo.hu\/videos\/000\/098\/271\/2-3.jpg","indavideo_url":"\/\/index.indavideo.hu\/video\/Jobban_kell_fozni_a_korhazakban","thumbnail_width":160,"thumbnail_height":120,"thumbnail_m_url":"\/\/pics.indavideo.hu\/videos\/000\/098\/271\/3-3.jpg","thumbnail_m_width":330,"thumbnail_m_height":185,"thumbnails":["\/\/pics.indavideo.hu\/videos\/000\/098\/271\/1-3.jpg","\/\/pics.indavideo.hu\/videos\/000\/098\/271\/2-3.jpg","\/\/pics.indavideo.hu\/videos\/000\/098\/271\/3-3.jpg","\/\/pics.indavideo.hu\/videos\/000\/098\/271\/4-3.jpg","\/\/pics.indavideo.hu\/videos\/000\/098\/271\/5-3.jpg","\/\/pics.indavideo.hu\/videos\/000\/098\/271\/6-3.jpg","\/\/pics.indavideo.hu\/videos\/000\/098\/271\/7-3.jpg"],"description":"K\u00e9t k\u00f3rh\u00e1zi \u00e9telhord\u00f3 kocsi el\u0151tt tartott sajt\u00f3t\u00e1j\u00e9koztat\u00f3t az eg\u00e9szs\u00e9g\u00fcgyi miniszter a Szent Imre k\u00f3rh\u00e1zban. December 1. \u00f3ta ugyanis minden k\u00f3rh\u00e1zban el\u0151\u00edr\u00e1s, hogy legal\u00e1bb k\u00e9t men\u00fc k\u00f6z\u00fcl v\u00e1laszthassanak eb\u00e9dre a betegek.","length":"120","hash":"2bfc2c3587","id":"98271"}

Jobban kell főzni a kórházakban

Két kórházi ételhordó kocsi előtt tartott sajtótájékoztatót az egészségügyi miniszter a Szent Imre kórházban. December 1. óta ugyanis minden kórházban előírás, hogy legalább két menü közül választhassanak ebédre a betegek.
