{"version":"1.0","type":"video","provider_name":"Indavideo","provider_url":"\/\/indavideo.hu\/","width":640,"height":360,"html":"<iframe class=\"indavideo-player\" allowfullscreen id=\"player-2c5fa94e2a\" type=\"text\/html\" src=\"https:\/\/indavideo.hu\/player\/video\/2c5fa94e2a\/\" title=\"indavideo video player\" scrolling=\"no\" width=\"640\" height=\"360\"  frameborder=\"0\"><\/iframe>","title":"\u00cdgy parkol egy profi!","author_named":"scheerti","author_url":"\/\/indavideo.hu\/profile\/scheerti\/","thumbnail_url":"\/\/pics.indavideo.hu\/videos\/000\/784\/225\/2-1.jpg","indavideo_url":"\/\/auto.indavideo.hu\/video\/Igy_parkol_egy_profi_1","thumbnail_width":160,"thumbnail_height":120,"thumbnail_m_url":"\/\/pics.indavideo.hu\/videos\/000\/784\/225\/3-1.jpg","thumbnail_m_width":330,"thumbnail_m_height":185,"thumbnails":["\/\/pics.indavideo.hu\/videos\/000\/784\/225\/1-1.jpg","\/\/pics.indavideo.hu\/videos\/000\/784\/225\/2-1.jpg","\/\/pics.indavideo.hu\/videos\/000\/784\/225\/3-1.jpg","\/\/pics.indavideo.hu\/videos\/000\/784\/225\/4-1.jpg","\/\/pics.indavideo.hu\/videos\/000\/784\/225\/5-1.jpg"],"description":"Mintaszer\u0171 p\u00e1rhuzamos parkol\u00e1s, lend\u00fcletb\u0151l. Igaz ugyan, hogy nem akart parkolni, de att\u00f3l m\u00e9g sz\u00e9p volt...","length":"78","hash":"2c5fa94e2a","id":"784225"}

Így parkol egy profi!

Mintaszerű párhuzamos parkolás, lendületből. Igaz ugyan, hogy nem akart parkolni, de attól még szép volt...
