{"version":"1.0","type":"video","provider_name":"Indavideo","provider_url":"\/\/indavideo.hu\/","width":640,"height":360,"html":"<iframe class=\"indavideo-player\" allowfullscreen id=\"player-3196ab878d\" type=\"text\/html\" src=\"https:\/\/indavideo.hu\/player\/video\/3196ab878d\/\" title=\"indavideo video player\" scrolling=\"no\" width=\"640\" height=\"360\"  frameborder=\"0\"><\/iframe>","title":"Kis\u00fajsz\u00e1ll\u00e1s V\u00e1ros \u00d6nkorm\u00e1nyzat\u00e1nak k\u00e9pvisel\u0151-test\u00fcleti \u00fcl\u00e9se - 2022. janu\u00e1r 27. - 1. r\u00e9sz","author_named":"Kisujszallas","author_url":"\/\/indavideo.hu\/profile\/Kisujszallas\/","thumbnail_url":"\/\/pics.indavideo.hu\/videos\/003\/587\/482\/2-1.jpg","indavideo_url":"\/\/indavideo.hu\/video\/Kisujszallas_Varos_Onkormanyzatanak_kepviselo-testuleti_ulese_-_2022_januar_27_-_1_resz","thumbnail_width":160,"thumbnail_height":120,"thumbnail_m_url":"\/\/pics.indavideo.hu\/videos\/003\/587\/482\/3-1.jpg","thumbnail_m_width":330,"thumbnail_m_height":185,"thumbnails":["\/\/pics.indavideo.hu\/videos\/003\/587\/482\/1-1.jpg","\/\/pics.indavideo.hu\/videos\/003\/587\/482\/2-1.jpg","\/\/pics.indavideo.hu\/videos\/003\/587\/482\/3-1.jpg","\/\/pics.indavideo.hu\/videos\/003\/587\/482\/4-1.jpg","\/\/pics.indavideo.hu\/videos\/003\/587\/482\/5-1.jpg","\/\/pics.indavideo.hu\/videos\/003\/587\/482\/6-1.jpg","\/\/pics.indavideo.hu\/videos\/003\/587\/482\/7-1.jpg"],"description":"1. napirend: Besz\u00e1mol\u00f3 a lej\u00e1rt hat\u00e1ridej\u0171 hat\u00e1rozatok v\u00e9grehajt\u00e1s\u00e1r\u00f3l\r\n2. napirend: T\u00e1j\u00e9koztat\u00f3 a bizotts\u00e1gok \u00e1truh\u00e1zott hat\u00e1sk\u00f6rben hozott d\u00f6nt\u00e9seir\u0151l\r\n3. napirend: T\u00e1j\u00e9koztat\u00f3 a polg\u00e1rmester \u00e1truh\u00e1zott hat\u00e1sk\u00f6rben hozott d\u00f6nt\u00e9seir\u0151l\r\n4. napirend: T\u00e1j\u00e9koztat\u00f3 a jegyz\u0151 \u00e1truh\u00e1zott hat\u00e1sk\u00f6rben hozott d\u00f6nt\u00e9seir\u0151l\r\n5. napirend: El\u0151terjeszt\u00e9s az \u00f6nkorm\u00e1nyzat 2022. \u00e9vi v\u00e1rosi rendezv\u00e9ny- \u00e9s kiadv\u00e1nyterv\u00e9nek elfogad\u00e1s\u00e1ra\r\n6. napirend: El\u0151terjeszt\u00e9s a 2021. \u00e9vi belv\u00edzrendez\u00e9si munk\u00e1inak elv\u00e9gz\u00e9sr\u0151l sz\u00f3l\u00f3 t\u00e1j\u00e9koztat\u00f3ra \u00e9s a 2022. \u00e9vben tervezett, a belv\u00edzelvezet\u0151 rendbszert \u00e9rint\u0151 munk\u00e1kra, fejleszt\u00e9si \u00e9s karbantart\u00e1si keret\u00e9nek feloszt\u00e1s\u00e1ra\r\n7. napirend: El\u0151terjeszt\u00e9s a park- \u00e9s k\u00f6ztisztas\u00e1gi szerz\u0151d\u00e9s megk\u00f6t\u00e9s\u00e9re","length":"5031","hash":"3196ab878d","id":"3587482"}

Kisújszállás Város Önkormányzatának képviselő-testületi ülése - 2022. január 27. - 1. rész

1. napirend: Beszámoló a lejárt határidejű határozatok végrehajtásáról
2. napirend: Tájékoztató a bizottságok átruházott hatáskörben hozott döntéseiről
3. napirend: Tájékoztató a polgármester átruházott hatáskörben hozott döntéseiről
4. napirend: Tájékoztató a jegyző átruházott hatáskörben hozott döntéseiről
5. napirend: Előterjesztés az önkormányzat 2022. évi városi rendezvény- és kiadványtervének elfogadására
6. napirend: Előterjesztés a 2021. évi belvízrendezési munkáinak elvégzésről szóló tájékoztatóra és a 2022. évben tervezett, a belvízelvezető rendbszert érintő munkákra, fejlesztési és karbantartási keretének felosztására
7. napirend: Előterjesztés a park- és köztisztasági szerződés megkötésére
