{"version":"1.0","type":"video","provider_name":"Indavideo","provider_url":"\/\/indavideo.hu\/","width":640,"height":360,"html":"<iframe class=\"indavideo-player\" allowfullscreen id=\"player-37937821d8\" type=\"text\/html\" src=\"https:\/\/indavideo.hu\/player\/video\/37937821d8\/\" title=\"indavideo video player\" scrolling=\"no\" width=\"640\" height=\"360\"  frameborder=\"0\"><\/iframe>","title":"Sutil p\u00f6rdul\u00e9se Ausztr\u00e1li\u00e1ban","author_named":"minority","author_url":"\/\/indavideo.hu\/profile\/minority\/","thumbnail_url":"\/\/pics.indavideo.hu\/videos\/000\/456\/581\/2-1.jpg","indavideo_url":"\/\/auto.indavideo.hu\/video\/Sutil_pordulese_Ausztraliaban_1","thumbnail_width":160,"thumbnail_height":120,"thumbnail_m_url":"\/\/pics.indavideo.hu\/videos\/000\/456\/581\/3-1.jpg","thumbnail_m_width":330,"thumbnail_m_height":185,"thumbnails":["\/\/pics.indavideo.hu\/videos\/000\/456\/581\/1-1.jpg","\/\/pics.indavideo.hu\/videos\/000\/456\/581\/2-1.jpg","\/\/pics.indavideo.hu\/videos\/000\/456\/581\/3-1.jpg"],"description":"Sutil p\u00f6rdul\u00e9se Ausztr\u00e1li\u00e1ban","length":"64","hash":"37937821d8","id":"456581"}

Sutil pördulése Ausztráliában
