{"version":"1.0","type":"video","provider_name":"Indavideo","provider_url":"\/\/indavideo.hu\/","width":640,"height":360,"html":"<iframe class=\"indavideo-player\" allowfullscreen id=\"player-3a6947645d\" type=\"text\/html\" src=\"https:\/\/indavideo.hu\/player\/video\/3a6947645d\/\" title=\"indavideo video player\" scrolling=\"no\" width=\"640\" height=\"360\"  frameborder=\"0\"><\/iframe>","title":"Idej\u00f6ttem Magyarorsz\u00e1gra, \u00e9s csak n\u00e9ztem: mennyi z\u00f6lds\u00e9g!","author_named":"stenk","author_url":"\/\/indavideo.hu\/profile\/stenk\/","thumbnail_url":"\/\/pics.indavideo.hu\/videos\/002\/573\/338\/2-4.jpg","indavideo_url":"\/\/index.indavideo.hu\/video\/Idejottem_a_Magyarorszagra_es_csak_neztem_mennyi_zoldseg","thumbnail_width":160,"thumbnail_height":120,"thumbnail_m_url":"\/\/pics.indavideo.hu\/videos\/002\/573\/338\/3-4.jpg","thumbnail_m_width":330,"thumbnail_m_height":185,"thumbnails":["\/\/pics.indavideo.hu\/videos\/002\/573\/338\/1-4.jpg","\/\/pics.indavideo.hu\/videos\/002\/573\/338\/2-4.jpg","\/\/pics.indavideo.hu\/videos\/002\/573\/338\/3-4.jpg","\/\/pics.indavideo.hu\/videos\/002\/573\/338\/4-4.jpg","\/\/pics.indavideo.hu\/videos\/002\/573\/338\/5-4.jpg","\/\/pics.indavideo.hu\/videos\/002\/573\/338\/6-4.jpg","\/\/pics.indavideo.hu\/videos\/002\/573\/338\/7-4.jpg"],"description":"Dubem K \u00e9s bar\u00e1tai im\u00e1dj\u00e1k Debrecent, t\u00e1ncos kereszt\u00e9ny istentiszteletekre j\u00e1rnak, \u00e9s a\u00a0B\u00fazadara ut\u00e1n a k\u00f6vetkez\u0151 sl\u00e1ger\u00fcket is egy magyar \u00e9telr\u0151l \u00edrj\u00e1k. (Szerd\u00e1n meg is jelent a Guly\u00e1s c\u00edm\u0171 sz\u00e1m.)J\u00faliusban pedig az A38-on is fell\u00e9pnek.","length":"480","hash":"3a6947645d","id":"2573338"}

Idejöttem Magyarországra, és csak néztem: mennyi zöldség!

Dubem K és barátai imádják Debrecent, táncos keresztény istentiszteletekre járnak, és a Búzadara után a következő slágerüket is egy magyar ételről írják. (Szerdán meg is jelent a Gulyás című szám.)Júliusban pedig az A38-on is fellépnek.
