{"version":"1.0","type":"video","provider_name":"Indavideo","provider_url":"\/\/indavideo.hu\/","width":640,"height":360,"html":"<iframe class=\"indavideo-player\" allowfullscreen id=\"player-3b733edd93\" type=\"text\/html\" src=\"https:\/\/indavideo.hu\/player\/video\/3b733edd93\/\" title=\"indavideo video player\" scrolling=\"no\" width=\"640\" height=\"360\"  frameborder=\"0\"><\/iframe>","title":"Az aut\u00f3z\u00e1s k\u00e9t v\u00e9ge sz\u00e1razon \u00e9s v\u00edzen","author_named":"Totalcar","author_url":"\/\/indavideo.hu\/profile\/Totalcar\/","thumbnail_url":"\/\/pics.indavideo.hu\/videos\/001\/070\/291\/2-2.jpg","indavideo_url":"\/\/index.indavideo.hu\/video\/Az_autozas_ket_vege_szarazon_es_vizen","thumbnail_width":160,"thumbnail_height":120,"thumbnail_m_url":"\/\/pics.indavideo.hu\/videos\/001\/070\/291\/3-2.jpg","thumbnail_m_width":330,"thumbnail_m_height":185,"thumbnails":["\/\/pics.indavideo.hu\/videos\/001\/070\/291\/1-2.jpg","\/\/pics.indavideo.hu\/videos\/001\/070\/291\/2-2.jpg","\/\/pics.indavideo.hu\/videos\/001\/070\/291\/3-2.jpg","\/\/pics.indavideo.hu\/videos\/001\/070\/291\/4-2.jpg","\/\/pics.indavideo.hu\/videos\/001\/070\/291\/5-2.jpg"],"description":"Azt hitt\u00fck, hogy az utols\u00f3 aut\u00f3 valami grandi\u00f3zusabb lesz, de nem, innen merre tov\u00e1bb a kompakt-kateg\u00f3ri\u00e1ban? Maximum a t\u00f6bbsz\u00e1z- \u00e9s ezer turb\u00f3s l\u00f3er\u0151 \u00e9s h\u00e1ts\u00f3ker\u00e9khajt\u00e1s, ami megmarad.","length":"1555","hash":"3b733edd93","id":"1070291"}

Az autózás két vége szárazon és vízen

Azt hittük, hogy az utolsó autó valami grandiózusabb lesz, de nem, innen merre tovább a kompakt-kategóriában? Maximum a többszáz- és ezer turbós lóerő és hátsókerékhajtás, ami megmarad.
