{"version":"1.0","type":"video","provider_name":"Indavideo","provider_url":"\/\/indavideo.hu\/","width":640,"height":360,"html":"<iframe class=\"indavideo-player\" allowfullscreen id=\"player-3bdf9eb06e\" type=\"text\/html\" src=\"https:\/\/indavideo.hu\/player\/video\/3bdf9eb06e\/\" title=\"indavideo video player\" scrolling=\"no\" width=\"640\" height=\"360\"  frameborder=\"0\"><\/iframe>","title":"Szt\u00e1rfesztiv\u00e1l nosztalgia 3\/5","author_named":"Maverick1","author_url":"\/\/indavideo.hu\/profile\/Maverick1\/","thumbnail_url":"\/\/pics.indavideo.hu\/videos\/000\/501\/863\/2-1.jpg","indavideo_url":"\/\/indavideo.hu\/video\/Sztarfesztival_2","thumbnail_width":160,"thumbnail_height":120,"thumbnail_m_url":"\/\/pics.indavideo.hu\/videos\/000\/501\/863\/3-1.jpg","thumbnail_m_width":330,"thumbnail_m_height":185,"thumbnails":["\/\/pics.indavideo.hu\/videos\/000\/501\/863\/1-1.jpg","\/\/pics.indavideo.hu\/videos\/000\/501\/863\/2-1.jpg","\/\/pics.indavideo.hu\/videos\/000\/501\/863\/3-1.jpg"],"description":"D\u00e1vid S\u00e1ndor,Csongr\u00e1di Kata,Po\u00f3r P\u00e9ter","length":"1021","hash":"3bdf9eb06e","id":"501863"}

Sztárfesztivál nosztalgia 3/5

Dávid Sándor,Csongrádi Kata,Poór Péter
