{"version":"1.0","type":"video","provider_name":"Indavideo","provider_url":"\/\/indavideo.hu\/","width":640,"height":360,"html":"<iframe class=\"indavideo-player\" allowfullscreen id=\"player-3d824a51d5\" type=\"text\/html\" src=\"https:\/\/indavideo.hu\/player\/video\/3d824a51d5\/\" title=\"indavideo video player\" scrolling=\"no\" width=\"640\" height=\"360\"  frameborder=\"0\"><\/iframe>","title":"Benitez: nagy volt a debreceni nyom\u00e1s","author_named":"IndexVideo","author_url":"\/\/indavideo.hu\/profile\/IndexVideo\/","thumbnail_url":"\/\/pics.indavideo.hu\/videos\/000\/273\/513\/2-3.jpg","indavideo_url":"\/\/index.indavideo.hu\/video\/Benitez_nagy_volt_a_debreceni_nyomas","thumbnail_width":160,"thumbnail_height":120,"thumbnail_m_url":"\/\/pics.indavideo.hu\/videos\/000\/273\/513\/3-3.jpg","thumbnail_m_width":330,"thumbnail_m_height":185,"thumbnails":["\/\/pics.indavideo.hu\/videos\/000\/273\/513\/1-3.jpg","\/\/pics.indavideo.hu\/videos\/000\/273\/513\/2-3.jpg","\/\/pics.indavideo.hu\/videos\/000\/273\/513\/3-3.jpg","\/\/pics.indavideo.hu\/videos\/000\/273\/513\/4-3.jpg","\/\/pics.indavideo.hu\/videos\/000\/273\/513\/5-3.jpg","\/\/pics.indavideo.hu\/videos\/000\/273\/513\/6-3.jpg","\/\/pics.indavideo.hu\/videos\/000\/273\/513\/7-3.jpg"],"description":"A Liverpool a v\u00e9g\u00e9n a minim\u00e1lis el\u0151ny\u00e9nek a megtart\u00e1s\u00e1ra j\u00e1tszott, a fi\u00fak nem estek hanyatt Gerrardt\u00f3l.","length":"246","hash":"3d824a51d5","id":"273513"}

Benitez: nagy volt a debreceni nyomás

A Liverpool a végén a minimális előnyének a megtartására játszott, a fiúk nem estek hanyatt Gerrardtól.
