{"version":"1.0","type":"video","provider_name":"Indavideo","provider_url":"\/\/indavideo.hu\/","width":640,"height":360,"html":"<iframe class=\"indavideo-player\" allowfullscreen id=\"player-3f42a3ca0a\" type=\"text\/html\" src=\"https:\/\/indavideo.hu\/player\/video\/3f42a3ca0a\/\" title=\"indavideo video player\" scrolling=\"no\" width=\"640\" height=\"360\"  frameborder=\"0\"><\/iframe>","title":"A teljes interj\u00fa Deutsch Tam\u00e1ssal","author_named":"IndexVideo","author_url":"\/\/indavideo.hu\/profile\/IndexVideo\/","thumbnail_url":"\/\/pics.indavideo.hu\/videos\/003\/266\/828\/2-2.jpg","indavideo_url":"\/\/index.indavideo.hu\/video\/deutsch_tamas_interju_studiobeszelgetes_elo_adas_teljes_valtozat_facebook_live","thumbnail_width":160,"thumbnail_height":120,"thumbnail_m_url":"\/\/pics.indavideo.hu\/videos\/003\/266\/828\/3-2.jpg","thumbnail_m_width":330,"thumbnail_m_height":185,"thumbnails":["\/\/pics.indavideo.hu\/videos\/003\/266\/828\/1-2.jpg","\/\/pics.indavideo.hu\/videos\/003\/266\/828\/2-2.jpg","\/\/pics.indavideo.hu\/videos\/003\/266\/828\/3-2.jpg","\/\/pics.indavideo.hu\/videos\/003\/266\/828\/4-2.jpg","\/\/pics.indavideo.hu\/videos\/003\/266\/828\/5-2.jpg","\/\/pics.indavideo.hu\/videos\/003\/266\/828\/6-2.jpg","\/\/pics.indavideo.hu\/videos\/003\/266\/828\/7-2.jpg"],"description":"A Fidesz egyik alap\u00edt\u00f3ja, a p\u00e1rt eur\u00f3pai parlamenti deleg\u00e1ci\u00f3vezet\u0151je, Deutsch Tam\u00e1s volt\u00a0\u00e9l\u0151 besz\u00e9lget\u0151s m\u0171sorunk vend\u00e9ge. A magyar EU-tags\u00e1gt\u00f3l kezdve az eg\u00e9szs\u00e9g\u00fcgy\u00f6n \u00e1t a sportpolitik\u00e1ig k\u00e9rdezt\u00fck \u0151t. \n\u00d6sszefoglal\u00f3 cikk\u00fcnket az interj\u00far\u00f3l itt olvashatja.","length":"4798","hash":"3f42a3ca0a","id":"3266828"}

A teljes interjú Deutsch Tamással

A Fidesz egyik alapítója, a párt európai parlamenti delegációvezetője, Deutsch Tamás volt élő beszélgetős műsorunk vendége. A magyar EU-tagságtól kezdve az egészségügyön át a sportpolitikáig kérdeztük őt. 
Összefoglaló cikkünket az interjúról itt olvashatja.
