{"version":"1.0","type":"video","provider_name":"Indavideo","provider_url":"\/\/indavideo.hu\/","width":640,"height":360,"html":"<iframe class=\"indavideo-player\" allowfullscreen id=\"player-3fee8c35cb\" type=\"text\/html\" src=\"https:\/\/indavideo.hu\/player\/video\/3fee8c35cb\/\" title=\"indavideo video player\" scrolling=\"no\" width=\"640\" height=\"360\"  frameborder=\"0\"><\/iframe>","title":"Elfog\u00e1sa ut\u00e1n bemutatt\u00e1k a kulcsi gyilkost","author_named":"IndexVideo","author_url":"\/\/indavideo.hu\/profile\/IndexVideo\/","thumbnail_url":"\/\/pics.indavideo.hu\/videos\/000\/676\/439\/2-2.jpg","indavideo_url":"\/\/index.indavideo.hu\/video\/Elfogasa_utan_bemutattak_a_kulcsi_gyilkost","thumbnail_width":160,"thumbnail_height":120,"thumbnail_m_url":"\/\/pics.indavideo.hu\/videos\/000\/676\/439\/3-2.jpg","thumbnail_m_width":330,"thumbnail_m_height":185,"thumbnails":["\/\/pics.indavideo.hu\/videos\/000\/676\/439\/1-2.jpg","\/\/pics.indavideo.hu\/videos\/000\/676\/439\/2-2.jpg","\/\/pics.indavideo.hu\/videos\/000\/676\/439\/3-2.jpg","\/\/pics.indavideo.hu\/videos\/000\/676\/439\/4-2.jpg"],"description":"Elfog\u00e1sa ut\u00e1n r\u00f6gt\u00f6n bemutatta a sebes\u00fclt kulcsi gyilkost, \u00e9s az elfog\u00e1s r\u00e9szleteir\u0151l is besz\u00e1molt a Terrorelh\u00e1r\u00edt\u00e1si K\u00f6zpont.K\u00f6vessen minket a Facebookon is!","length":"132","hash":"3fee8c35cb","id":"676439"}

Elfogása után bemutatták a kulcsi gyilkost

Elfogása után rögtön bemutatta a sebesült kulcsi gyilkost, és az elfogás részleteiről is beszámolt a Terrorelhárítási Központ.Kövessen minket a Facebookon is!
