{"version":"1.0","type":"video","provider_name":"Indavideo","provider_url":"\/\/indavideo.hu\/","width":640,"height":360,"html":"<iframe class=\"indavideo-player\" allowfullscreen id=\"player-41ea7db219\" type=\"text\/html\" src=\"https:\/\/indavideo.hu\/player\/video\/41ea7db219\/\" title=\"indavideo video player\" scrolling=\"no\" width=\"640\" height=\"360\"  frameborder=\"0\"><\/iframe>","title":"Mi\u00e9rt kell, hogy s\u00edrj Argent\u00edna?  Berkes Gabriella \u00e9nekel","author_named":"boszike","author_url":"\/\/indavideo.hu\/profile\/boszike\/","thumbnail_url":"\/\/pics.indavideo.hu\/videos\/000\/188\/172\/2-2.jpg","indavideo_url":"\/\/indavideo.hu\/video\/Miert_kell_hogy_sirj_Argentina__Berkes_Gabriella_enekel","thumbnail_width":160,"thumbnail_height":120,"thumbnail_m_url":"\/\/pics.indavideo.hu\/videos\/000\/188\/172\/3-2.jpg","thumbnail_m_width":330,"thumbnail_m_height":185,"thumbnails":["\/\/pics.indavideo.hu\/videos\/000\/188\/172\/1-2.jpg","\/\/pics.indavideo.hu\/videos\/000\/188\/172\/2-2.jpg","\/\/pics.indavideo.hu\/videos\/000\/188\/172\/3-2.jpg","\/\/pics.indavideo.hu\/videos\/000\/188\/172\/4-2.jpg","\/\/pics.indavideo.hu\/videos\/000\/188\/172\/5-2.jpg","\/\/pics.indavideo.hu\/videos\/000\/188\/172\/6-2.jpg","\/\/pics.indavideo.hu\/videos\/000\/188\/172\/7-2.jpg"],"description":"Evita musical","length":"332","hash":"41ea7db219","id":"188172"}

Miért kell, hogy sírj Argentína?  Berkes Gabriella énekel
