{"version":"1.0","type":"video","provider_name":"Indavideo","provider_url":"\/\/indavideo.hu\/","width":640,"height":360,"html":"<iframe class=\"indavideo-player\" allowfullscreen id=\"player-44354aefb5\" type=\"text\/html\" src=\"https:\/\/indavideo.hu\/player\/video\/44354aefb5\/\" title=\"indavideo video player\" scrolling=\"no\" width=\"640\" height=\"360\"  frameborder=\"0\"><\/iframe>","title":"Ra\u00fal g\u00f3lja a Valencia ellen","author_named":"minority","author_url":"\/\/indavideo.hu\/profile\/minority\/","thumbnail_url":"\/\/pics.indavideo.hu\/videos\/000\/360\/368\/2-2.jpg","indavideo_url":"\/\/indavideo.hu\/video\/Raul_golja_a_Valencia_ellen","thumbnail_width":160,"thumbnail_height":120,"thumbnail_m_url":"\/\/pics.indavideo.hu\/videos\/000\/360\/368\/3-2.jpg","thumbnail_m_width":330,"thumbnail_m_height":185,"thumbnails":["\/\/pics.indavideo.hu\/videos\/000\/360\/368\/1-2.jpg","\/\/pics.indavideo.hu\/videos\/000\/360\/368\/2-2.jpg","\/\/pics.indavideo.hu\/videos\/000\/360\/368\/3-2.jpg","\/\/pics.indavideo.hu\/videos\/000\/360\/368\/4-2.jpg","\/\/pics.indavideo.hu\/videos\/000\/360\/368\/5-2.jpg","\/\/pics.indavideo.hu\/videos\/000\/360\/368\/6-2.jpg","\/\/pics.indavideo.hu\/videos\/000\/360\/368\/7-2.jpg"],"description":"a Bajnokok Lig\u00e1ja d\u00f6nt\u0151j\u00e9ben.","length":"29","hash":"44354aefb5","id":"360368"}

Raúl gólja a Valencia ellen

a Bajnokok Ligája döntőjében.
