{"version":"1.0","type":"video","provider_name":"Indavideo","provider_url":"\/\/indavideo.hu\/","width":640,"height":360,"html":"<iframe class=\"indavideo-player\" allowfullscreen id=\"player-444468fed7\" type=\"text\/html\" src=\"https:\/\/indavideo.hu\/player\/video\/444468fed7\/\" title=\"indavideo video player\" scrolling=\"no\" width=\"640\" height=\"360\"  frameborder=\"0\"><\/iframe>","title":"Vasutas sztr\u00e1jk","author_named":"IndexVideo","author_url":"\/\/indavideo.hu\/profile\/IndexVideo\/","thumbnail_url":"\/\/pics.indavideo.hu\/videos\/000\/206\/402\/2-3.jpg","indavideo_url":"\/\/index.indavideo.hu\/video\/Vasutas_sztrajk","thumbnail_width":160,"thumbnail_height":120,"thumbnail_m_url":"\/\/pics.indavideo.hu\/videos\/000\/206\/402\/3-3.jpg","thumbnail_m_width":330,"thumbnail_m_height":185,"thumbnails":["\/\/pics.indavideo.hu\/videos\/000\/206\/402\/1-3.jpg","\/\/pics.indavideo.hu\/videos\/000\/206\/402\/2-3.jpg","\/\/pics.indavideo.hu\/videos\/000\/206\/402\/3-3.jpg","\/\/pics.indavideo.hu\/videos\/000\/206\/402\/4-3.jpg","\/\/pics.indavideo.hu\/videos\/000\/206\/402\/5-3.jpg","\/\/pics.indavideo.hu\/videos\/000\/206\/402\/6-3.jpg","\/\/pics.indavideo.hu\/videos\/000\/206\/402\/7-3.jpg"],"description":"November 21-\u00e9n 6-t\u00f3l d\u00e9lig le\u00e1llt a vas\u00fatk\u00f6zleked\u00e9s, mi a Keletiben j\u00e1rtunk.","length":"80","hash":"444468fed7","id":"206402"}

Vasutas sztrájk

November 21-én 6-tól délig leállt a vasútközlekedés, mi a Keletiben jártunk.
