{"version":"1.0","type":"video","provider_name":"Indavideo","provider_url":"\/\/indavideo.hu\/","width":640,"height":360,"html":"<iframe class=\"indavideo-player\" allowfullscreen id=\"player-44b64669fd\" type=\"text\/html\" src=\"https:\/\/indavideo.hu\/player\/video\/44b64669fd\/\" title=\"indavideo video player\" scrolling=\"no\" width=\"640\" height=\"360\"  frameborder=\"0\"><\/iframe>","title":"\u00c9l\u0151ben jelentkezt\u00fcnk a Kossuth t\u00e9ri t\u00fcntet\u00e9sr\u0151l","author_named":"IndexVideo","author_url":"\/\/indavideo.hu\/profile\/IndexVideo\/","thumbnail_url":"\/\/pics.indavideo.hu\/videos\/003\/047\/931\/2-2.jpg","indavideo_url":"\/\/index.indavideo.hu\/video\/tuntetes_oktatas_ceu_kossuth_ter_tamas_gaspar_miklos_elo_adas_facebook_live","thumbnail_width":160,"thumbnail_height":120,"thumbnail_m_url":"\/\/pics.indavideo.hu\/videos\/003\/047\/931\/3-2.jpg","thumbnail_m_width":330,"thumbnail_m_height":185,"thumbnails":["\/\/pics.indavideo.hu\/videos\/003\/047\/931\/1-2.jpg","\/\/pics.indavideo.hu\/videos\/003\/047\/931\/2-2.jpg","\/\/pics.indavideo.hu\/videos\/003\/047\/931\/3-2.jpg","\/\/pics.indavideo.hu\/videos\/003\/047\/931\/4-2.jpg","\/\/pics.indavideo.hu\/videos\/003\/047\/931\/5-2.jpg","\/\/pics.indavideo.hu\/videos\/003\/047\/931\/6-2.jpg","\/\/pics.indavideo.hu\/videos\/003\/047\/931\/7-2.jpg"],"description":"A K\u00e1lvin t\u00e9rr\u0151l indult a T\u00fcntet\u00e9s a Tudom\u00e1ny \u00e9s az Oktat\u00e1s Szabads\u00e1g\u00e1\u00e9rt elnevez\u00e9s\u0171 menet, amely a korm\u00e1ny oktat\u00e1spolitikai l\u00e9p\u00e9sei elleni tiltakoz\u00e1sul szervez\u0151d\u00f6tt, \u00e9s az ELTE BTK, a CEU \u00e9s az MTA \u00e9rint\u00e9s\u00e9vel \u00e9rkezett meg a Kossuth t\u00e9rre.\u00a0A t\u00e9ren Tam\u00e1s G\u00e1sp\u00e1r Mikl\u00f3s tartotta az els\u0151 besz\u00e9det, \u0151t K\u00f6v\u00e9r-Van Til \u00c1gnes, az ELTE t\u00e1rsadalmi nemek mesterszak vezet\u0151je k\u00f6vette. A\u00a0t\u00f6bbi sz\u00f3nok - tan\u00e1rok, di\u00e1kok - is az oktat\u00e1s szabads\u00e1g\u00e9\u00e9rt, a CEU marad\u00e1s\u00e1\u00e9rt, \u00e9s a korm\u00e1ny oktat\u00e1spolitik\u00e1ja ellen sz\u00f3laltak fel. Az esem\u00e9nyt \u00e9l\u0151ben k\u00f6zvet\u00edtett\u00fck a facebookon.","length":"3670","hash":"44b64669fd","id":"3047931"}

Élőben jelentkeztünk a Kossuth téri tüntetésről

A Kálvin térről indult a Tüntetés a Tudomány és az Oktatás Szabadságáért elnevezésű menet, amely a kormány oktatáspolitikai lépései elleni tiltakozásul szerveződött, és az ELTE BTK, a CEU és az MTA érintésével érkezett meg a Kossuth térre. A téren Tamás Gáspár Miklós tartotta az első beszédet, őt Kövér-Van Til Ágnes, az ELTE társadalmi nemek mesterszak vezetője követte. A többi szónok - tanárok, diákok - is az oktatás szabadságéért, a CEU maradásáért, és a kormány oktatáspolitikája ellen szólaltak fel. Az eseményt élőben közvetítettük a facebookon.
