{"version":"1.0","type":"video","provider_name":"Indavideo","provider_url":"\/\/indavideo.hu\/","width":640,"height":360,"html":"<iframe class=\"indavideo-player\" allowfullscreen id=\"player-4a45ef0b89\" type=\"text\/html\" src=\"https:\/\/indavideo.hu\/player\/video\/4a45ef0b89\/\" title=\"indavideo video player\" scrolling=\"no\" width=\"640\" height=\"360\"  frameborder=\"0\"><\/iframe>","title":"F\u00fcty\u00fcl\u00f6k erre a demokr\u00e1ci\u00e1ra","author_named":"IndexVideo","author_url":"\/\/indavideo.hu\/profile\/IndexVideo\/","thumbnail_url":"\/\/pics.indavideo.hu\/videos\/000\/921\/785\/2-2.jpg","indavideo_url":"\/\/index.indavideo.hu\/video\/Futyulok_erre_a_demokraciara","thumbnail_width":160,"thumbnail_height":120,"thumbnail_m_url":"\/\/pics.indavideo.hu\/videos\/000\/921\/785\/3-2.jpg","thumbnail_m_width":330,"thumbnail_m_height":185,"thumbnails":["\/\/pics.indavideo.hu\/videos\/000\/921\/785\/1-2.jpg","\/\/pics.indavideo.hu\/videos\/000\/921\/785\/2-2.jpg","\/\/pics.indavideo.hu\/videos\/000\/921\/785\/3-2.jpg","\/\/pics.indavideo.hu\/videos\/000\/921\/785\/4-2.jpg","\/\/pics.indavideo.hu\/videos\/000\/921\/785\/5-2.jpg"],"description":"A Magyar M\u0171v\u00e9szeti Akad\u00e9mia nev\u0171, jobboldali \u00e9rzelm\u0171 m\u0171v\u00e9szeket t\u00f6m\u00f6r\u00edt\u0151 szervezetre b\u00edzta a korm\u00e1ny a hazai kult\u00fara \u00fcgyeit. Az alkotm\u00e1nyba is bele\u00edrt akad\u00e9mia vezet\u0151je, Fekete Gy\u00f6rgy nem hisz a demokr\u00e1ci\u00e1ban, \u00e1ll\u00edtja. Mivel hith\u0171 reform\u00e1tus, kitiltja a m\u00fazeumokb\u00f3l azokat a m\u0171veket, amelyek nem tetszenek az egyh\u00e1znak.  Szervezete p\u00e9nzr\u0151l, d\u00edjakr\u00f3l \u00e9s kultur\u00e1lis programokr\u00f3l is d\u00f6nt, hiszen a korm\u00e1ny szerint \u0151k a teljes hazai m\u0171v\u00e9szeti \u00e9letet k\u00e9pviselik. Ennek ellen\u00e9re csak az lehet tag, aki nemzeti \u00e9rzelm\u0171, \u00e9s k\u00f6z\u00e9leti aktivit\u00e1st is mutat. Viszont kider\u00fclt, hogy ki k\u00e9sz\u00edti Fekete Gy\u00f6rgy legend\u00e1s frizur\u00e1j\u00e1t.K\u00f6vessen minket a Facebookon is!","length":"229","hash":"4a45ef0b89","id":"921785"}

Fütyülök erre a demokráciára

A Magyar Művészeti Akadémia nevű, jobboldali érzelmű művészeket tömörítő szervezetre bízta a kormány a hazai kultúra ügyeit. Az alkotmányba is beleírt akadémia vezetője, Fekete György nem hisz a demokráciában, állítja. Mivel hithű református, kitiltja a múzeumokból azokat a műveket, amelyek nem tetszenek az egyháznak.  Szervezete pénzről, díjakról és kulturális programokról is dönt, hiszen a kormány szerint ők a teljes hazai művészeti életet képviselik. Ennek ellenére csak az lehet tag, aki nemzeti érzelmű, és közéleti aktivitást is mutat. Viszont kiderült, hogy ki készíti Fekete György legendás frizuráját.Kövessen minket a Facebookon is!
