{"version":"1.0","type":"video","provider_name":"Indavideo","provider_url":"\/\/indavideo.hu\/","width":640,"height":360,"html":"<iframe class=\"indavideo-player\" allowfullscreen id=\"player-4b8a2f4a08\" type=\"text\/html\" src=\"https:\/\/indavideo.hu\/player\/video\/4b8a2f4a08\/\" title=\"indavideo video player\" scrolling=\"no\" width=\"640\" height=\"360\"  frameborder=\"0\"><\/iframe>","title":"L\u00e1tott m\u00e1r ilyen furcsa t\u00e1bl\u00e1t?","author_named":"IndexVideo","author_url":"\/\/indavideo.hu\/profile\/IndexVideo\/","thumbnail_url":"\/\/pics.indavideo.hu\/videos\/003\/029\/555\/2-3.jpg","indavideo_url":"\/\/index.indavideo.hu\/video\/biciklut_balzsam_utca_kresz_bicikli_kerekpar","thumbnail_width":160,"thumbnail_height":120,"thumbnail_m_url":"\/\/pics.indavideo.hu\/videos\/003\/029\/555\/3-3.jpg","thumbnail_m_width":330,"thumbnail_m_height":185,"thumbnails":["\/\/pics.indavideo.hu\/videos\/003\/029\/555\/1-3.jpg","\/\/pics.indavideo.hu\/videos\/003\/029\/555\/2-3.jpg","\/\/pics.indavideo.hu\/videos\/003\/029\/555\/3-3.jpg","\/\/pics.indavideo.hu\/videos\/003\/029\/555\/4-3.jpg","\/\/pics.indavideo.hu\/videos\/003\/029\/555\/5-3.jpg","\/\/pics.indavideo.hu\/videos\/003\/029\/555\/6-3.jpg","\/\/pics.indavideo.hu\/videos\/003\/029\/555\/7-3.jpg"],"description":"A Balzsam utcai nyitott ker\u00e9kp\u00e1rs\u00e1v szab\u00e1lyai az els\u0151 hetekben kicsit \u00f6sszezavarhatj\u00e1k az aut\u00f3sokat. De k\u00f6zben lehet, hogy j\u00f3 lesz a bring\u00e1soknak.Egy\u00e9bk\u00e9nt hasonl\u00f3 megold\u00e1sok l\u00e9teznek az orsz\u00e1g egy-k\u00e9t ter\u00fclet\u00e9n, p\u00e9ld\u00e1ul Velence \u00e9s K\u00e1poln\u00e1sny\u00e9k k\u00f6z\u00f6tt a G\u00e1rdonyi \u00faton eg\u00e9szen hasonl\u00f3 a helyzet, ahol a ker\u00e9kp\u00e1r\u00fat beletorkollik az \u00fattestbe - igaz, ott a t\u00e1bla hi\u00e1nyzik.","length":"188","hash":"4b8a2f4a08","id":"3029555"}

Látott már ilyen furcsa táblát?

A Balzsam utcai nyitott kerékpársáv szabályai az első hetekben kicsit összezavarhatják az autósokat. De közben lehet, hogy jó lesz a bringásoknak.Egyébként hasonló megoldások léteznek az ország egy-két területén, például Velence és Kápolnásnyék között a Gárdonyi úton egészen hasonló a helyzet, ahol a kerékpárút beletorkollik az úttestbe - igaz, ott a tábla hiányzik.
