{"version":"1.0","type":"video","provider_name":"Indavideo","provider_url":"\/\/indavideo.hu\/","width":640,"height":360,"html":"<iframe class=\"indavideo-player\" allowfullscreen id=\"player-4c3bb360b2\" type=\"text\/html\" src=\"https:\/\/indavideo.hu\/player\/video\/4c3bb360b2\/\" title=\"indavideo video player\" scrolling=\"no\" width=\"640\" height=\"360\"  frameborder=\"0\"><\/iframe>","title":"Ballag\u00e1s 2011 - V\u00e1ci Mih\u00e1ly Gimn\u00e1zium","author_named":"batonyterenyetv","author_url":"\/\/indavideo.hu\/profile\/batonyterenyetv\/","thumbnail_url":"\/\/pics.indavideo.hu\/videos\/000\/477\/835\/2-1.jpg","indavideo_url":"\/\/indavideo.hu\/video\/Ballagas_2011_-_Vaci_Mihaly_Gimnazium","thumbnail_width":160,"thumbnail_height":120,"thumbnail_m_url":"\/\/pics.indavideo.hu\/videos\/000\/477\/835\/3-1.jpg","thumbnail_m_width":330,"thumbnail_m_height":185,"thumbnails":["\/\/pics.indavideo.hu\/videos\/000\/477\/835\/1-1.jpg","\/\/pics.indavideo.hu\/videos\/000\/477\/835\/2-1.jpg","\/\/pics.indavideo.hu\/videos\/000\/477\/835\/3-1.jpg"],"description":"Ballag\u00e1s 2011 - V\u00e1ci Mih\u00e1ly Gimn\u00e1zium","length":"2291","hash":"4c3bb360b2","id":"477835"}

Ballagás 2011 - Váci Mihály Gimnázium
