{"version":"1.0","type":"video","provider_name":"Indavideo","provider_url":"\/\/indavideo.hu\/","width":640,"height":360,"html":"<iframe class=\"indavideo-player\" allowfullscreen id=\"player-4d589d9c78\" type=\"text\/html\" src=\"https:\/\/indavideo.hu\/player\/video\/4d589d9c78\/\" title=\"indavideo video player\" scrolling=\"no\" width=\"640\" height=\"360\"  frameborder=\"0\"><\/iframe>","title":"Horv\u00e1torsz\u00e1g ma nem alszik","author_named":"IndexVideo","author_url":"\/\/indavideo.hu\/profile\/IndexVideo\/","thumbnail_url":"\/\/pics.indavideo.hu\/videos\/002\/957\/376\/2-1.jpg","indavideo_url":"\/\/index.indavideo.hu\/video\/Horvatorszag_ma_nem_alszik","thumbnail_width":160,"thumbnail_height":120,"thumbnail_m_url":"\/\/pics.indavideo.hu\/videos\/002\/957\/376\/3-1.jpg","thumbnail_m_width":330,"thumbnail_m_height":185,"thumbnails":["\/\/pics.indavideo.hu\/videos\/002\/957\/376\/1-1.jpg","\/\/pics.indavideo.hu\/videos\/002\/957\/376\/2-1.jpg","\/\/pics.indavideo.hu\/videos\/002\/957\/376\/3-1.jpg","\/\/pics.indavideo.hu\/videos\/002\/957\/376\/4-1.jpg","\/\/pics.indavideo.hu\/videos\/002\/957\/376\/5-1.jpg","\/\/pics.indavideo.hu\/videos\/002\/957\/376\/6-1.jpg","\/\/pics.indavideo.hu\/videos\/002\/957\/376\/7-1.jpg"],"description":"Z\u00e1gr\u00e1b a vb-el\u0151d\u00f6nt\u0151 \u00e9jszak\u00e1j\u00e1n.","length":"153","hash":"4d589d9c78","id":"2957376"}

Horvátország ma nem alszik

Zágráb a vb-elődöntő éjszakáján.
