{"version":"1.0","type":"video","provider_name":"Indavideo","provider_url":"\/\/indavideo.hu\/","width":640,"height":360,"html":"<iframe class=\"indavideo-player\" allowfullscreen id=\"player-4d6d035939\" type=\"text\/html\" src=\"https:\/\/indavideo.hu\/player\/video\/4d6d035939\/\" title=\"indavideo video player\" scrolling=\"no\" width=\"640\" height=\"360\"  frameborder=\"0\"><\/iframe>","title":"Az elker\u00fcl\u0151 ment\u00e9n gazdagodhatnak a k\u00e9pvisel\u0151k Szentendr\u00e9n","author_named":"IndexVideo","author_url":"\/\/indavideo.hu\/profile\/IndexVideo\/","thumbnail_url":"\/\/pics.indavideo.hu\/videos\/000\/458\/611\/2-3.jpg","indavideo_url":"\/\/index.indavideo.hu\/video\/Szentendre_2","thumbnail_width":160,"thumbnail_height":120,"thumbnail_m_url":"\/\/pics.indavideo.hu\/videos\/000\/458\/611\/3-3.jpg","thumbnail_m_width":330,"thumbnail_m_height":185,"thumbnails":["\/\/pics.indavideo.hu\/videos\/000\/458\/611\/1-3.jpg","\/\/pics.indavideo.hu\/videos\/000\/458\/611\/2-3.jpg","\/\/pics.indavideo.hu\/videos\/000\/458\/611\/3-3.jpg"],"description":"Jelent\u0151sen n\u0151het az \u00e9rt\u00e9ke azoknak a telkeknek, amelyek a tervezett tehermentes\u00edt\u0151 \u00fat ment\u00e9n fekszenek Szentendr\u00e9n. A v\u00e1rosvezet\u00e9s szerint strat\u00e9giai k\u00e9rd\u00e9s, az ellenz\u0151k szerint viszont csak egy sz\u0171k k\u00f6r \u00e9rdeke az \u00fat meg\u00e9p\u00edt\u00e9se. A k\u00e9pvisel\u0151test\u00fclet k\u00f6zel fele anyagilag \u00e9rintett a k\u00e9rd\u00e9sben.","length":"387","hash":"4d6d035939","id":"458611"}

Az elkerülő mentén gazdagodhatnak a képviselők Szentendrén

Jelentősen nőhet az értéke azoknak a telkeknek, amelyek a tervezett tehermentesítő út mentén fekszenek Szentendrén. A városvezetés szerint stratégiai kérdés, az ellenzők szerint viszont csak egy szűk kör érdeke az út megépítése. A képviselőtestület közel fele anyagilag érintett a kérdésben.
