{"version":"1.0","type":"video","provider_name":"Indavideo","provider_url":"\/\/indavideo.hu\/","width":640,"height":360,"html":"<iframe class=\"indavideo-player\" allowfullscreen id=\"player-4eb8792d5d\" type=\"text\/html\" src=\"https:\/\/indavideo.hu\/player\/video\/4eb8792d5d\/\" title=\"indavideo video player\" scrolling=\"no\" width=\"640\" height=\"360\"  frameborder=\"0\"><\/iframe>","title":"Dealereket fogtak a szigeten","author_named":"IndexVideo","author_url":"\/\/indavideo.hu\/profile\/IndexVideo\/","thumbnail_url":"\/\/pics.indavideo.hu\/videos\/000\/166\/111\/2-3.jpg","indavideo_url":"\/\/index.indavideo.hu\/video\/Dealereket_fogtak_a_szigeten","thumbnail_width":160,"thumbnail_height":120,"thumbnail_m_url":"\/\/pics.indavideo.hu\/videos\/000\/166\/111\/3-3.jpg","thumbnail_m_width":330,"thumbnail_m_height":185,"thumbnails":["\/\/pics.indavideo.hu\/videos\/000\/166\/111\/1-3.jpg","\/\/pics.indavideo.hu\/videos\/000\/166\/111\/2-3.jpg","\/\/pics.indavideo.hu\/videos\/000\/166\/111\/3-3.jpg","\/\/pics.indavideo.hu\/videos\/000\/166\/111\/4-3.jpg","\/\/pics.indavideo.hu\/videos\/000\/166\/111\/5-3.jpg","\/\/pics.indavideo.hu\/videos\/000\/166\/111\/6-3.jpg","\/\/pics.indavideo.hu\/videos\/000\/166\/111\/7-3.jpg"],"description":"Meg nem er\u0151s\u00edtett forr\u00e1sok szerint a gyan\u00fas\u00edtottakat n\u00e9h\u00e1ny \u00e9ve rendszeresen elkapj\u00e1k a Szigeten.","length":"32","hash":"4eb8792d5d","id":"166111"}

Meg nem erősített források szerint a gyanúsítottakat néhány éve rendszeresen elkapják a Szigeten.
