{"version":"1.0","type":"video","provider_name":"Indavideo","provider_url":"\/\/indavideo.hu\/","width":640,"height":360,"html":"<iframe class=\"indavideo-player\" allowfullscreen id=\"player-556f928cfc\" type=\"text\/html\" src=\"https:\/\/indavideo.hu\/player\/video\/556f928cfc\/\" title=\"indavideo video player\" scrolling=\"no\" width=\"640\" height=\"360\"  frameborder=\"0\"><\/iframe>","title":"\u00d6pi vitorl\u00e1st\u00e1bor, 2014. J\u00falius 26-t\u00f3l augusztus 1-ig; 4 t\u00e1bor","author_named":"vitorlastaboropi","author_url":"\/\/indavideo.hu\/profile\/vitorlastaboropi\/","thumbnail_url":"\/\/pics.indavideo.hu\/videos\/001\/526\/019\/2-1.jpg","indavideo_url":"\/\/indavideo.hu\/video\/Opi_vitorlastabor_2014_Julius_26-tol_augusztus_1-ig_4_tabor","thumbnail_width":160,"thumbnail_height":120,"thumbnail_m_url":"\/\/pics.indavideo.hu\/videos\/001\/526\/019\/3-1.jpg","thumbnail_m_width":330,"thumbnail_m_height":185,"thumbnails":["\/\/pics.indavideo.hu\/videos\/001\/526\/019\/1-1.jpg","\/\/pics.indavideo.hu\/videos\/001\/526\/019\/2-1.jpg","\/\/pics.indavideo.hu\/videos\/001\/526\/019\/3-1.jpg","\/\/pics.indavideo.hu\/videos\/001\/526\/019\/4-1.jpg","\/\/pics.indavideo.hu\/videos\/001\/526\/019\/5-1.jpg","\/\/pics.indavideo.hu\/videos\/001\/526\/019\/6-1.jpg","\/\/pics.indavideo.hu\/videos\/001\/526\/019\/7-1.jpg"],"description":"","length":"541","hash":"556f928cfc","id":"1526019"}

Öpi vitorlástábor, 2014. Július 26-tól augusztus 1-ig; 4 tábor
