{"version":"1.0","type":"video","provider_name":"Indavideo","provider_url":"\/\/indavideo.hu\/","width":640,"height":360,"html":"<iframe class=\"indavideo-player\" allowfullscreen id=\"player-576a898481\" type=\"text\/html\" src=\"https:\/\/indavideo.hu\/player\/video\/576a898481\/\" title=\"indavideo video player\" scrolling=\"no\" width=\"640\" height=\"360\"  frameborder=\"0\"><\/iframe>","title":"Told el magadat, haver!","author_named":"IndexVideo","author_url":"\/\/indavideo.hu\/profile\/IndexVideo\/","thumbnail_url":"\/\/pics.indavideo.hu\/videos\/000\/298\/621\/2-3.jpg","indavideo_url":"\/\/index.indavideo.hu\/video\/Lajos_3","thumbnail_width":160,"thumbnail_height":120,"thumbnail_m_url":"\/\/pics.indavideo.hu\/videos\/000\/298\/621\/3-3.jpg","thumbnail_m_width":330,"thumbnail_m_height":185,"thumbnails":["\/\/pics.indavideo.hu\/videos\/000\/298\/621\/1-3.jpg","\/\/pics.indavideo.hu\/videos\/000\/298\/621\/2-3.jpg","\/\/pics.indavideo.hu\/videos\/000\/298\/621\/3-3.jpg","\/\/pics.indavideo.hu\/videos\/000\/298\/621\/4-3.jpg","\/\/pics.indavideo.hu\/videos\/000\/298\/621\/5-3.jpg","\/\/pics.indavideo.hu\/videos\/000\/298\/621\/6-3.jpg","\/\/pics.indavideo.hu\/videos\/000\/298\/621\/7-3.jpg"],"description":"Lajosnak gyermekb\u00e9nul\u00e1sa van. Harminc\u00f6t \u00e9ve az utc\u00e1n elhajtotta a seg\u00edts\u00e9g\u00e9t felaj\u00e1nl\u00f3 Imr\u00e9t, aki az\u00f3ta l\u00e1togatja.","length":"609","hash":"576a898481","id":"298621"}

Lajosnak gyermekbénulása van. Harmincöt éve az utcán elhajtotta a segítségét felajánló Imrét, aki azóta látogatja.
