{"version":"1.0","type":"video","provider_name":"Indavideo","provider_url":"\/\/indavideo.hu\/","width":640,"height":360,"html":"<iframe class=\"indavideo-player\" allowfullscreen id=\"player-59ec3efd33\" type=\"text\/html\" src=\"https:\/\/indavideo.hu\/player\/video\/59ec3efd33\/\" title=\"indavideo video player\" scrolling=\"no\" width=\"640\" height=\"360\"  frameborder=\"0\"><\/iframe>","title":"Megbotlott a nyelve, vagy Orb\u00e1n t\u00e9nyleg falat tervez a d\u00e9li hat\u00e1rra?","author_named":"IndexVideo","author_url":"\/\/indavideo.hu\/profile\/IndexVideo\/","thumbnail_url":"\/\/pics.indavideo.hu\/videos\/002\/407\/135\/2-2.jpg","indavideo_url":"\/\/index.indavideo.hu\/video\/Megbotlott_a_nyelve_vagy_Orban_tenyleg_falat_tervez_a_deli_hatarra","thumbnail_width":160,"thumbnail_height":120,"thumbnail_m_url":"\/\/pics.indavideo.hu\/videos\/002\/407\/135\/3-2.jpg","thumbnail_m_width":330,"thumbnail_m_height":185,"thumbnails":["\/\/pics.indavideo.hu\/videos\/002\/407\/135\/1-2.jpg","\/\/pics.indavideo.hu\/videos\/002\/407\/135\/2-2.jpg","\/\/pics.indavideo.hu\/videos\/002\/407\/135\/3-2.jpg","\/\/pics.indavideo.hu\/videos\/002\/407\/135\/4-2.jpg","\/\/pics.indavideo.hu\/videos\/002\/407\/135\/5-2.jpg","\/\/pics.indavideo.hu\/videos\/002\/407\/135\/6-2.jpg","\/\/pics.indavideo.hu\/videos\/002\/407\/135\/7-2.jpg"],"description":"Trump, kl\u00edmav\u00e1ltoz\u00e1s, minisztereln\u00f6k-jel\u00f6lti vita - a korm\u00e1nyf\u0151 v\u00e1ltozatos t\u00e9m\u00e1kban kapott k\u00e9rd\u00e9seket az Orb\u00e1n-Botka tal\u00e1lkoz\u00f3 ut\u00e1n, a v\u00e1laszaiban pedig v\u00e1ltozatosan t\u00e9rt ki el\u0151l\u00fck. Meglep\u0151 elsz\u00f3l\u00e1sokban sem volt hi\u00e1ny.\u00a0","length":"327","hash":"59ec3efd33","id":"2407135"}

Megbotlott a nyelve, vagy Orbán tényleg falat tervez a déli határra?

Trump, klímaváltozás, miniszterelnök-jelölti vita - a kormányfő változatos témákban kapott kérdéseket az Orbán-Botka találkozó után, a válaszaiban pedig változatosan tért ki előlük. Meglepő elszólásokban sem volt hiány.
