{"version":"1.0","type":"video","provider_name":"Indavideo","provider_url":"\/\/indavideo.hu\/","width":640,"height":360,"html":"<iframe class=\"indavideo-player\" allowfullscreen id=\"player-638f02503b\" type=\"text\/html\" src=\"https:\/\/indavideo.hu\/player\/video\/638f02503b\/\" title=\"indavideo video player\" scrolling=\"no\" width=\"640\" height=\"360\"  frameborder=\"0\"><\/iframe>","title":"Soha nem akarok olyan sz\u00fclinapot, mint amilyen Orb\u00e1n Viktor\u00e9","author_named":"IndexVideo","author_url":"\/\/indavideo.hu\/profile\/IndexVideo\/","thumbnail_url":"\/\/pics.indavideo.hu\/videos\/001\/769\/713\/2-2.jpg","indavideo_url":"\/\/index.indavideo.hu\/video\/orban_szentmise","thumbnail_width":160,"thumbnail_height":120,"thumbnail_m_url":"\/\/pics.indavideo.hu\/videos\/001\/769\/713\/3-2.jpg","thumbnail_m_width":330,"thumbnail_m_height":185,"thumbnails":["\/\/pics.indavideo.hu\/videos\/001\/769\/713\/1-2.jpg","\/\/pics.indavideo.hu\/videos\/001\/769\/713\/2-2.jpg","\/\/pics.indavideo.hu\/videos\/001\/769\/713\/3-2.jpg","\/\/pics.indavideo.hu\/videos\/001\/769\/713\/4-2.jpg","\/\/pics.indavideo.hu\/videos\/001\/769\/713\/5-2.jpg","\/\/pics.indavideo.hu\/videos\/001\/769\/713\/6-2.jpg","\/\/pics.indavideo.hu\/videos\/001\/769\/713\/7-2.jpg"],"description":"A minisztereln\u00f6k egy h\u00e1laad\u00f3 szentmis\u00e9t kapott sz\u00fclet\u00e9snapj\u00e1ra, de a fanatikus orb\u00e1nist\u00e1k \u00fcnnep\u00e9t igyekeztek elrontani a m\u00e9g fanatikusabb t\u00fcntet\u0151k. Forgatni sajnos nem lehetett a templomon bel\u00fcl.","length":"267","hash":"638f02503b","id":"1769713"}

Soha nem akarok olyan szülinapot, mint amilyen Orbán Viktoré

A miniszterelnök egy hálaadó szentmisét kapott születésnapjára, de a fanatikus orbánisták ünnepét igyekeztek elrontani a még fanatikusabb tüntetők. Forgatni sajnos nem lehetett a templomon belül.
