{"version":"1.0","type":"video","provider_name":"Indavideo","provider_url":"\/\/indavideo.hu\/","width":640,"height":360,"html":"<iframe class=\"indavideo-player\" allowfullscreen id=\"player-6604f22988\" type=\"text\/html\" src=\"https:\/\/indavideo.hu\/player\/video\/6604f22988\/\" title=\"indavideo video player\" scrolling=\"no\" width=\"640\" height=\"360\"  frameborder=\"0\"><\/iframe>","title":"Ra\u00fal gy\u0151ztes fejese a Bayern M\u00fcnchen ellen","author_named":"minority","author_url":"\/\/indavideo.hu\/profile\/minority\/","thumbnail_url":"\/\/pics.indavideo.hu\/videos\/000\/445\/619\/2-1.jpg","indavideo_url":"\/\/indavideo.hu\/video\/Raul_gyoztes_fejese_a_Bayern_Munchen_ellen","thumbnail_width":160,"thumbnail_height":120,"thumbnail_m_url":"\/\/pics.indavideo.hu\/videos\/000\/445\/619\/3-1.jpg","thumbnail_m_width":330,"thumbnail_m_height":185,"thumbnails":["\/\/pics.indavideo.hu\/videos\/000\/445\/619\/1-1.jpg","\/\/pics.indavideo.hu\/videos\/000\/445\/619\/2-1.jpg","\/\/pics.indavideo.hu\/videos\/000\/445\/619\/3-1.jpg"],"description":"a N\u00e9met Kupa el\u0151d\u00f6nt\u0151j\u00e9ben","length":"31","hash":"6604f22988","id":"445619"}

Raúl győztes fejese a Bayern München ellen

a Német Kupa elődöntőjében
