{"version":"1.0","type":"video","provider_name":"Indavideo","provider_url":"\/\/indavideo.hu\/","width":640,"height":360,"html":"<iframe class=\"indavideo-player\" allowfullscreen id=\"player-67e7becfb5\" type=\"text\/html\" src=\"https:\/\/indavideo.hu\/player\/video\/67e7becfb5\/\" title=\"indavideo video player\" scrolling=\"no\" width=\"640\" height=\"360\"  frameborder=\"0\"><\/iframe>","title":"A holdudvar szem\u00e9ben \u00fajra bezzegorsz\u00e1g lett\u00fcnk","author_named":"IndexVideo","author_url":"\/\/indavideo.hu\/profile\/IndexVideo\/","thumbnail_url":"\/\/pics.indavideo.hu\/videos\/002\/625\/370\/2-2.jpg","indavideo_url":"\/\/index.indavideo.hu\/video\/Fideszesek_Ujra_bezzegorszag_lettunk","thumbnail_width":160,"thumbnail_height":120,"thumbnail_m_url":"\/\/pics.indavideo.hu\/videos\/002\/625\/370\/3-2.jpg","thumbnail_m_width":330,"thumbnail_m_height":185,"thumbnails":["\/\/pics.indavideo.hu\/videos\/002\/625\/370\/1-2.jpg","\/\/pics.indavideo.hu\/videos\/002\/625\/370\/2-2.jpg","\/\/pics.indavideo.hu\/videos\/002\/625\/370\/3-2.jpg","\/\/pics.indavideo.hu\/videos\/002\/625\/370\/4-2.jpg","\/\/pics.indavideo.hu\/videos\/002\/625\/370\/5-2.jpg","\/\/pics.indavideo.hu\/videos\/002\/625\/370\/6-2.jpg","\/\/pics.indavideo.hu\/videos\/002\/625\/370\/7-2.jpg"],"description":"Minden ter\u00fcleten \u00e9rezhet\u0151 a fellend\u00fcl\u00e9s, ilyen j\u00f3 korszaka kev\u00e9s volt a magyar n\u00e9pnek. A fideszes elit \u00e9rt\u00e9kelte az Orb\u00e1n-korm\u00e1ny eddigi tev\u00e9kenys\u00e9g\u00e9t.\u00a0","length":"275","hash":"67e7becfb5","id":"2625370"}

A holdudvar szemében újra bezzegország lettünk

Minden területen érezhető a fellendülés, ilyen jó korszaka kevés volt a magyar népnek. A fideszes elit értékelte az Orbán-kormány eddigi tevékenységét.
