{"version":"1.0","type":"video","provider_name":"Indavideo","provider_url":"\/\/indavideo.hu\/","width":640,"height":360,"html":"<iframe class=\"indavideo-player\" allowfullscreen id=\"player-682469434a\" type=\"text\/html\" src=\"https:\/\/indavideo.hu\/player\/video\/682469434a\/\" title=\"indavideo video player\" scrolling=\"no\" width=\"640\" height=\"360\"  frameborder=\"0\"><\/iframe>","title":"Boda J\u00e1nos Eml\u00e9k-k\u00e9pek c\u00edm\u0171 fot\u00f3ki\u00e1ll\u00edt\u00e1sa a Hotel Kum\u00e1ni\u00e1ban","author_named":"Kisujszallas","author_url":"\/\/indavideo.hu\/profile\/Kisujszallas\/","thumbnail_url":"\/\/pics.indavideo.hu\/videos\/003\/460\/274\/2-1.jpg","indavideo_url":"\/\/indavideo.hu\/video\/Boda_Janos_Emlek-kepek_cimu_fotokiallitasa_a_Hotel_Kumaniaban","thumbnail_width":160,"thumbnail_height":120,"thumbnail_m_url":"\/\/pics.indavideo.hu\/videos\/003\/460\/274\/3-1.jpg","thumbnail_m_width":330,"thumbnail_m_height":185,"thumbnails":["\/\/pics.indavideo.hu\/videos\/003\/460\/274\/1-1.jpg","\/\/pics.indavideo.hu\/videos\/003\/460\/274\/2-1.jpg","\/\/pics.indavideo.hu\/videos\/003\/460\/274\/3-1.jpg","\/\/pics.indavideo.hu\/videos\/003\/460\/274\/4-1.jpg","\/\/pics.indavideo.hu\/videos\/003\/460\/274\/5-1.jpg","\/\/pics.indavideo.hu\/videos\/003\/460\/274\/6-1.jpg","\/\/pics.indavideo.hu\/videos\/003\/460\/274\/7-1.jpg"],"description":"Boda J\u00e1nos Eml\u00e9k-k\u00e9pek c\u00edm\u0171 fot\u00f3ki\u00e1ll\u00edt\u00e1sa a Hotel Kum\u00e1ni\u00e1ban\r\n2020. november 6.","length":"387","hash":"682469434a","id":"3460274"}

Boda János Emlék-képek című fotókiállítása a Hotel Kumániában

Boda János Emlék-képek című fotókiállítása a Hotel Kumániában
2020. november 6.
