{"version":"1.0","type":"video","provider_name":"Indavideo","provider_url":"\/\/indavideo.hu\/","width":640,"height":360,"html":"<iframe class=\"indavideo-player\" allowfullscreen id=\"player-69157f47b3\" type=\"text\/html\" src=\"https:\/\/indavideo.hu\/player\/video\/69157f47b3\/\" title=\"indavideo video player\" scrolling=\"no\" width=\"640\" height=\"360\"  frameborder=\"0\"><\/iframe>","title":"Matolcsy: ez nem csomag, you know, package!","author_named":"IndexVideo","author_url":"\/\/indavideo.hu\/profile\/IndexVideo\/","thumbnail_url":"\/\/pics.indavideo.hu\/videos\/000\/879\/417\/2-11.jpg","indavideo_url":"\/\/index.indavideo.hu\/video\/A_csomag","thumbnail_width":160,"thumbnail_height":120,"thumbnail_m_url":"\/\/pics.indavideo.hu\/videos\/000\/879\/417\/3-11.jpg","thumbnail_m_width":330,"thumbnail_m_height":185,"thumbnails":["\/\/pics.indavideo.hu\/videos\/000\/879\/417\/1-11.jpg","\/\/pics.indavideo.hu\/videos\/000\/879\/417\/2-11.jpg","\/\/pics.indavideo.hu\/videos\/000\/879\/417\/3-11.jpg","\/\/pics.indavideo.hu\/videos\/000\/879\/417\/4-11.jpg","\/\/pics.indavideo.hu\/videos\/000\/879\/417\/5-11.jpg"],"description":"Matolcsy Gy\u00f6rgy nemzetgazdas\u00e1gi miniszter \u00fajabb 367 milli\u00e1rdos int\u00e9zked\u00e9st jelentett be, de t\u00f6bbsz\u00f6r is hangs\u00falyozta, csak az EU miatt. K\u00f6vessen minket a Facebookon is!","length":"222","hash":"69157f47b3","id":"879417"}

Matolcsy György nemzetgazdasági miniszter újabb 367 milliárdos intézkedést jelentett be, de többször is hangsúlyozta, csak az EU miatt. Kövessen minket a Facebookon is!
