{"version":"1.0","type":"video","provider_name":"Indavideo","provider_url":"\/\/indavideo.hu\/","width":640,"height":360,"html":"<iframe class=\"indavideo-player\" allowfullscreen id=\"player-6af262f2de\" type=\"text\/html\" src=\"https:\/\/indavideo.hu\/player\/video\/6af262f2de\/\" title=\"indavideo video player\" scrolling=\"no\" width=\"640\" height=\"360\"  frameborder=\"0\"><\/iframe>","title":"Semmi sem j\u00f6tt \u00f6ssze a mulats\u00e1gos U17-es meccsen 1.","author_named":"RyanObrien","author_url":"\/\/indavideo.hu\/profile\/RyanObrien\/","thumbnail_url":"\/\/pics.indavideo.hu\/videos\/000\/454\/823\/2-1.jpg","indavideo_url":"\/\/indavideo.hu\/video\/Semmi_sem_jott_ossze_a_mulatsagos_U17-es_meccsen_1","thumbnail_width":160,"thumbnail_height":120,"thumbnail_m_url":"\/\/pics.indavideo.hu\/videos\/000\/454\/823\/3-1.jpg","thumbnail_m_width":330,"thumbnail_m_height":185,"thumbnails":["\/\/pics.indavideo.hu\/videos\/000\/454\/823\/1-1.jpg","\/\/pics.indavideo.hu\/videos\/000\/454\/823\/2-1.jpg","\/\/pics.indavideo.hu\/videos\/000\/454\/823\/3-1.jpg"],"description":"Ecuadorban zajlik az U17-es Copa Sudamericana. H\u00e9tf\u0151 este Argent\u00edna \u00e9s Bol\u00edvia j\u00e1tszott egym\u00e1ssal.","length":"34","hash":"6af262f2de","id":"454823"}

Semmi sem jött össze a mulatságos U17-es meccsen 1.

Ecuadorban zajlik az U17-es Copa Sudamericana. Hétfő este Argentína és Bolívia játszott egymással.
