{"version":"1.0","type":"video","provider_name":"Indavideo","provider_url":"\/\/indavideo.hu\/","width":640,"height":360,"html":"<iframe class=\"indavideo-player\" allowfullscreen id=\"player-6b919f04cf\" type=\"text\/html\" src=\"https:\/\/indavideo.hu\/player\/video\/6b919f04cf\/\" title=\"indavideo video player\" scrolling=\"no\" width=\"640\" height=\"360\"  frameborder=\"0\"><\/iframe>","title":"Orb\u00e1n t\u00edz \u00e9vvel ezel\u0151tti gondolataival ind\u00edtjuk el a napot","author_named":"IndexVideo","author_url":"\/\/indavideo.hu\/profile\/IndexVideo\/","thumbnail_url":"\/\/pics.indavideo.hu\/videos\/002\/851\/190\/2-2.jpg","indavideo_url":"\/\/index.indavideo.hu\/video\/Tiz_eve_a_kiraly_meztelen_volt_Es_most","thumbnail_width":160,"thumbnail_height":120,"thumbnail_m_url":"\/\/pics.indavideo.hu\/videos\/002\/851\/190\/3-2.jpg","thumbnail_m_width":330,"thumbnail_m_height":185,"thumbnails":["\/\/pics.indavideo.hu\/videos\/002\/851\/190\/1-2.jpg","\/\/pics.indavideo.hu\/videos\/002\/851\/190\/2-2.jpg","\/\/pics.indavideo.hu\/videos\/002\/851\/190\/3-2.jpg","\/\/pics.indavideo.hu\/videos\/002\/851\/190\/4-2.jpg","\/\/pics.indavideo.hu\/videos\/002\/851\/190\/5-2.jpg","\/\/pics.indavideo.hu\/videos\/002\/851\/190\/6-2.jpg","\/\/pics.indavideo.hu\/videos\/002\/851\/190\/7-2.jpg"],"description":"Hallgassa meg \u00d6n is a minisztereln\u00f6k t\u00edz \u00e9vvel ezel\u0151tti \u00fcnnepi besz\u00e9d\u00e9nek r\u00e9szlet\u00e9t a ma reggeli \u00fcnnep\u00e9lyes z\u00e1szl\u00f3felvon\u00e1s megtekint\u00e9se k\u00f6zben.","length":"111","hash":"6b919f04cf","id":"2851190"}

Orbán tíz évvel ezelőtti gondolataival indítjuk el a napot

Hallgassa meg Ön is a miniszterelnök tíz évvel ezelőtti ünnepi beszédének részletét a ma reggeli ünnepélyes zászlófelvonás megtekintése közben.
