{"version":"1.0","type":"video","provider_name":"Indavideo","provider_url":"\/\/indavideo.hu\/","width":640,"height":360,"html":"<iframe class=\"indavideo-player\" allowfullscreen id=\"player-6ca89c6b83\" type=\"text\/html\" src=\"https:\/\/indavideo.hu\/player\/video\/6ca89c6b83\/\" title=\"indavideo video player\" scrolling=\"no\" width=\"640\" height=\"360\"  frameborder=\"0\"><\/iframe>","title":"Probl\u00e9m\u00e1k \u00e9s gondok az \u00c9v Aut\u00f3ja-rendezv\u00e9nyen","author_named":"Totalcar","author_url":"\/\/indavideo.hu\/profile\/Totalcar\/","thumbnail_url":"\/\/pics.indavideo.hu\/videos\/001\/895\/039\/2-1.jpg","indavideo_url":"\/\/auto.indavideo.hu\/video\/Problemak_es_gondok_az_Ev_Autoja-rendezvenyen","thumbnail_width":160,"thumbnail_height":120,"thumbnail_m_url":"\/\/pics.indavideo.hu\/videos\/001\/895\/039\/3-1.jpg","thumbnail_m_width":330,"thumbnail_m_height":185,"thumbnails":["\/\/pics.indavideo.hu\/videos\/001\/895\/039\/1-1.jpg","\/\/pics.indavideo.hu\/videos\/001\/895\/039\/2-1.jpg","\/\/pics.indavideo.hu\/videos\/001\/895\/039\/3-1.jpg","\/\/pics.indavideo.hu\/videos\/001\/895\/039\/4-1.jpg","\/\/pics.indavideo.hu\/videos\/001\/895\/039\/5-1.jpg","\/\/pics.indavideo.hu\/videos\/001\/895\/039\/6-1.jpg","\/\/pics.indavideo.hu\/videos\/001\/895\/039\/7-1.jpg"],"description":"Fej\u00fcnkre h\u00faztuk a bajt, mint mindig. De sz\u00edvesen v\u00e1llaljuk, ennyit meg\u00e9r.","length":"158","hash":"6ca89c6b83","id":"1895039"}

Problémák és gondok az Év Autója-rendezvényen

Fejünkre húztuk a bajt, mint mindig. De szívesen vállaljuk, ennyit megér.
