{"version":"1.0","type":"video","provider_name":"Indavideo","provider_url":"\/\/indavideo.hu\/","width":640,"height":360,"html":"<iframe class=\"indavideo-player\" allowfullscreen id=\"player-6fbeb0eabf\" type=\"text\/html\" src=\"https:\/\/indavideo.hu\/player\/video\/6fbeb0eabf\/\" title=\"indavideo video player\" scrolling=\"no\" width=\"640\" height=\"360\"  frameborder=\"0\"><\/iframe>","title":"Az Iveco Terramare Korzik\u00e1ra megy","author_named":"TChirszerk","author_url":"\/\/indavideo.hu\/profile\/TChirszerk\/","thumbnail_url":"\/\/pics.indavideo.hu\/videos\/000\/146\/914\/2-2.jpg","indavideo_url":"\/\/auto.indavideo.hu\/video\/Az_Iveco_Terramare_Korzikara_megy","thumbnail_width":160,"thumbnail_height":120,"thumbnail_m_url":"\/\/pics.indavideo.hu\/videos\/000\/146\/914\/3-2.jpg","thumbnail_m_width":330,"thumbnail_m_height":185,"thumbnails":["\/\/pics.indavideo.hu\/videos\/000\/146\/914\/1-2.jpg","\/\/pics.indavideo.hu\/videos\/000\/146\/914\/2-2.jpg","\/\/pics.indavideo.hu\/videos\/000\/146\/914\/3-2.jpg","\/\/pics.indavideo.hu\/videos\/000\/146\/914\/4-2.jpg","\/\/pics.indavideo.hu\/videos\/000\/146\/914\/5-2.jpg","\/\/pics.indavideo.hu\/videos\/000\/146\/914\/6-2.jpg","\/\/pics.indavideo.hu\/videos\/000\/146\/914\/7-2.jpg"],"description":"Az Iveco \u00fasz\u00f3 j\u00e1rm\u0171v\u00e9t egy 140 kilom\u00e9teres v\u00edzi \u00faton pr\u00f3b\u00e1lt\u00e1k ki: Olaszorsz\u00e1gb\u00f3l indulva 14 \u00f3ra alatt jutott el a szigetre.","length":"100","hash":"6fbeb0eabf","id":"146914"}

Az Iveco Terramare Korzikára megy

Az Iveco úszó járművét egy 140 kilométeres vízi úton próbálták ki: Olaszországból indulva 14 óra alatt jutott el a szigetre.
