{"version":"1.0","type":"video","provider_name":"Indavideo","provider_url":"\/\/indavideo.hu\/","width":640,"height":360,"html":"<iframe class=\"indavideo-player\" allowfullscreen id=\"player-77bee4e301\" type=\"text\/html\" src=\"https:\/\/indavideo.hu\/player\/video\/77bee4e301\/\" title=\"indavideo video player\" scrolling=\"no\" width=\"640\" height=\"360\"  frameborder=\"0\"><\/iframe>","title":"Totalcar 44. ad\u00e1s, 2003. szeptember 20.- Elk\u00f6sz\u00f6n\u00e9s","author_named":"Totalcar","author_url":"\/\/indavideo.hu\/profile\/Totalcar\/","thumbnail_url":"\/\/pics.indavideo.hu\/videos\/000\/165\/424\/2-1.jpg","indavideo_url":"\/\/auto.indavideo.hu\/video\/Totalcar_44_adas_2003_szeptember_20-_Elkoszones","thumbnail_width":160,"thumbnail_height":120,"thumbnail_m_url":"\/\/pics.indavideo.hu\/videos\/000\/165\/424\/3-1.jpg","thumbnail_m_width":330,"thumbnail_m_height":185,"thumbnails":["\/\/pics.indavideo.hu\/videos\/000\/165\/424\/1-1.jpg","\/\/pics.indavideo.hu\/videos\/000\/165\/424\/2-1.jpg","\/\/pics.indavideo.hu\/videos\/000\/165\/424\/3-1.jpg"],"description":"Elk\u00f6sz\u00f6n\u00e9s","length":"16","hash":"77bee4e301","id":"165424"}

Totalcar 44. adás, 2003. szeptember 20.- Elköszönés

Elköszönés
