{"version":"1.0","type":"video","provider_name":"Indavideo","provider_url":"\/\/indavideo.hu\/","width":640,"height":360,"html":"<iframe class=\"indavideo-player\" allowfullscreen id=\"player-7d768ef52e\" type=\"text\/html\" src=\"https:\/\/indavideo.hu\/player\/video\/7d768ef52e\/\" title=\"indavideo video player\" scrolling=\"no\" width=\"640\" height=\"360\"  frameborder=\"0\"><\/iframe>","title":"Polg\u00e1ri ottalv\u00f3s buli","author_named":"IndexVideo","author_url":"\/\/indavideo.hu\/profile\/IndexVideo\/","thumbnail_url":"\/\/pics.indavideo.hu\/videos\/000\/053\/006\/2-3.jpg","indavideo_url":"\/\/index.indavideo.hu\/video\/Polgari_ottalvos_buli","thumbnail_width":160,"thumbnail_height":120,"thumbnail_m_url":"\/\/pics.indavideo.hu\/videos\/000\/053\/006\/3-3.jpg","thumbnail_m_width":330,"thumbnail_m_height":185,"thumbnails":["\/\/pics.indavideo.hu\/videos\/000\/053\/006\/1-3.jpg","\/\/pics.indavideo.hu\/videos\/000\/053\/006\/2-3.jpg","\/\/pics.indavideo.hu\/videos\/000\/053\/006\/3-3.jpg","\/\/pics.indavideo.hu\/videos\/000\/053\/006\/4-3.jpg","\/\/pics.indavideo.hu\/videos\/000\/053\/006\/5-3.jpg","\/\/pics.indavideo.hu\/videos\/000\/053\/006\/6-3.jpg","\/\/pics.indavideo.hu\/videos\/000\/053\/006\/7-3.jpg"],"description":"A Fidesz-kongresszus vid\u00e9ki k\u00fcld\u00f6tteit budapesti p\u00e1rtt\u00e1rsaik l\u00e1tt\u00e1k vend\u00e9g\u00fcl. R\u00e9v\u00e9sz M\u00e1riusz egykori sz\u00f3viv\u0151 lak\u00e1s\u00e1ban n\u00e9gy p\u00e1pai fideszes t\u00f6lt\u00f6tte az \u00e9jszak\u00e1t.","length":"356","hash":"7d768ef52e","id":"53006"}

Polgári ottalvós buli

A Fidesz-kongresszus vidéki küldötteit budapesti párttársaik látták vendégül. Révész Máriusz egykori szóvivő lakásában négy pápai fideszes töltötte az éjszakát.
