{"version":"1.0","type":"video","provider_name":"Indavideo","provider_url":"\/\/indavideo.hu\/","width":640,"height":360,"html":"<iframe class=\"indavideo-player\" allowfullscreen id=\"player-8679ce1d7e\" type=\"text\/html\" src=\"https:\/\/indavideo.hu\/player\/video\/8679ce1d7e\/\" title=\"indavideo video player\" scrolling=\"no\" width=\"640\" height=\"360\"  frameborder=\"0\"><\/iframe>","title":"Re-main 4.r\u00e9sz","author_named":"Nazor_Subs","author_url":"\/\/indavideo.hu\/profile\/Nazor_Subs\/","thumbnail_url":"\/\/pics.indavideo.hu\/videos\/003\/549\/042\/2-2.jpg","indavideo_url":"\/\/indavideo.hu\/video\/Re-main_4resz","thumbnail_width":160,"thumbnail_height":120,"thumbnail_m_url":"\/\/pics.indavideo.hu\/videos\/003\/549\/042\/3-2.jpg","thumbnail_m_width":330,"thumbnail_m_height":185,"thumbnails":["\/\/pics.indavideo.hu\/videos\/003\/549\/042\/1-2.jpg","\/\/pics.indavideo.hu\/videos\/003\/549\/042\/2-2.jpg","\/\/pics.indavideo.hu\/videos\/003\/549\/042\/3-2.jpg","\/\/pics.indavideo.hu\/videos\/003\/549\/042\/4-2.jpg","\/\/pics.indavideo.hu\/videos\/003\/549\/042\/5-2.jpg","\/\/pics.indavideo.hu\/videos\/003\/549\/042\/6-2.jpg","\/\/pics.indavideo.hu\/videos\/003\/549\/042\/7-2.jpg"],"description":"Amihama meggondolja mag\u00e1t, \u00e9s v\u00e9gre \u00f6ssze\u00e1ll a csapat \u00e9s elkezd\u0151dik a kem\u00e9ny edz\u00e9s. Jo le is szervez egy edz\u0151meccset, \u00e1mde az nem v\u00e1rt fordulatot vesz.\r\n\r\nJ\u00f3 sz\u00f3rakoz\u00e1st! :)","length":"1406","hash":"8679ce1d7e","id":"3549042"}

Re-main 4.rész

Amihama meggondolja magát, és végre összeáll a csapat és elkezdődik a kemény edzés. Jo le is szervez egy edzőmeccset, ámde az nem várt fordulatot vesz.

Jó szórakozást! :)
