{"version":"1.0","type":"video","provider_name":"Indavideo","provider_url":"\/\/indavideo.hu\/","width":640,"height":360,"html":"<iframe class=\"indavideo-player\" allowfullscreen id=\"player-8b1f884f77\" type=\"text\/html\" src=\"https:\/\/indavideo.hu\/player\/video\/8b1f884f77\/\" title=\"indavideo video player\" scrolling=\"no\" width=\"640\" height=\"360\"  frameborder=\"0\"><\/iframe>","title":"Gyurcs\u00e1ny: Orb\u00e1n hazudott reggel, d\u00e9lben \u00e9s este","author_named":"IndexVideo","author_url":"\/\/indavideo.hu\/profile\/IndexVideo\/","thumbnail_url":"\/\/pics.indavideo.hu\/videos\/001\/341\/419\/2-1.jpg","indavideo_url":"\/\/index.indavideo.hu\/video\/Orban_hazudott_reggel_delben_es_este","thumbnail_width":160,"thumbnail_height":120,"thumbnail_m_url":"\/\/pics.indavideo.hu\/videos\/001\/341\/419\/3-1.jpg","thumbnail_m_width":330,"thumbnail_m_height":185,"thumbnails":["\/\/pics.indavideo.hu\/videos\/001\/341\/419\/1-1.jpg","\/\/pics.indavideo.hu\/videos\/001\/341\/419\/2-1.jpg","\/\/pics.indavideo.hu\/videos\/001\/341\/419\/3-1.jpg","\/\/pics.indavideo.hu\/videos\/001\/341\/419\/4-1.jpg","\/\/pics.indavideo.hu\/videos\/001\/341\/419\/5-1.jpg","\/\/pics.indavideo.hu\/videos\/001\/341\/419\/6-1.jpg"],"description":"","length":"59","hash":"8b1f884f77","id":"1341419"}

Gyurcsány: Orbán hazudott reggel, délben és este
