{"version":"1.0","type":"video","provider_name":"Indavideo","provider_url":"\/\/indavideo.hu\/","width":640,"height":360,"html":"<iframe class=\"indavideo-player\" allowfullscreen id=\"player-8ff40dc95f\" type=\"text\/html\" src=\"https:\/\/indavideo.hu\/player\/video\/8ff40dc95f\/\" title=\"indavideo video player\" scrolling=\"no\" width=\"640\" height=\"360\"  frameborder=\"0\"><\/iframe>","title":"Kir\u00e1ly vagy, gyula b\u00e1csi","author_named":"KapuFilm","author_url":"\/\/indavideo.hu\/profile\/KapuFilm\/","thumbnail_url":"\/\/pics.indavideo.hu\/videos\/002\/035\/891\/2-1.jpg","indavideo_url":"\/\/indavideo.hu\/video\/Kiraly_vagy_gyula_bacsi","thumbnail_width":160,"thumbnail_height":120,"thumbnail_m_url":"\/\/pics.indavideo.hu\/videos\/002\/035\/891\/3-1.jpg","thumbnail_m_width":330,"thumbnail_m_height":185,"thumbnails":["\/\/pics.indavideo.hu\/videos\/002\/035\/891\/1-1.jpg","\/\/pics.indavideo.hu\/videos\/002\/035\/891\/2-1.jpg","\/\/pics.indavideo.hu\/videos\/002\/035\/891\/3-1.jpg","\/\/pics.indavideo.hu\/videos\/002\/035\/891\/4-1.jpg","\/\/pics.indavideo.hu\/videos\/002\/035\/891\/5-1.jpg","\/\/pics.indavideo.hu\/videos\/002\/035\/891\/6-1.jpg","\/\/pics.indavideo.hu\/videos\/002\/035\/891\/7-1.jpg"],"description":"Pint\u00e9r Gyula t\u00f6rzsgy\u00f6keres pesterzs\u00e9beti lakos, de annyira hogy m\u00e9g ker\u00fclet\u00e9t is alig-alig hagyta el, gyerekkori v\u00e1gya volt a szeg\u00e9nys\u00e9gben feln\u00f6v\u0151 embernek, hogy egyszer meg legyen neki a Magyar Szent Korona \u00e9s a Koron\u00e1z\u00e1si Jelv\u00e9nyek m\u00e1solata. Term\u00e9szetesen aranyb\u00f3l \u00e9s dr\u00e1gak\u00f6vekb\u0151l. Teljes\u00fclt ifj\u00fakori v\u00e1gya, \u00e9s egy pesterzs\u00e9beti templomban meg is \u00e1ldotta Paskai L\u00e1szl\u00f3 b\u00edboros.\r\nHogy jutott el id\u00e1ig Pint\u00e9r Gyula, aki gyerekkor\u00e1ban talicsk\u00e1val cipelte a z\u00f6lds\u00e9ges kof\u00e1k \u00e1ruit, majd fuvaros lett, azt\u00e1n a haszn\u00e1lt cikk piacon keresked\u0151,  motor gy\u0171jt\u0151 \u00e9s motor kir\u00e1ly. A magyar \u00e9rz\u00e9s\u0171 \u00fczletember j\u00f3t\u00e9konykodik, szer\u00e9nyen de gazdagon \u00e9l, s a filmben vissza-vissza n\u00e9z\u00fcnk a kezdetekre, az erzs\u00e9beti t\u00f6rt\u00e9nelmi viharokra, m\u00edg el\u00e9rkez\u00fcnk a m\u00e1ban a b\u00e9k\u00e9s, de akt\u00edv \u00f6regs\u00e9ghez.\r\n\r\nB\u00e1rdy Zolt\u00e1n \u2013 Szerkeszt\u0151, riporter\r\n \r\nT\u00f3th P\u00e9ter P\u00e1l - Rendez\u0151- operat\u0151r","length":"3237","hash":"8ff40dc95f","id":"2035891"}

Király vagy, gyula bácsi

Pintér Gyula törzsgyökeres pesterzsébeti lakos, de annyira hogy még kerületét is alig-alig hagyta el, gyerekkori vágya volt a szegénységben felnövő embernek, hogy egyszer meg legyen neki a Magyar Szent Korona és a Koronázási Jelvények másolata. Természetesen aranyból és drágakövekből. Teljesült ifjúkori vágya, és egy pesterzsébeti templomban meg is áldotta Paskai László bíboros.
Hogy jutott el idáig Pintér Gyula, aki gyerekkorában talicskával cipelte a zöldséges kofák áruit, majd fuvaros lett, aztán a használt cikk piacon kereskedő,  motor gyűjtő és motor király. A magyar érzésű üzletember jótékonykodik, szerényen de gazdagon él, s a filmben vissza-vissza nézünk a kezdetekre, az erzsébeti történelmi viharokra, míg elérkezünk a mában a békés, de aktív öregséghez.

Bárdy Zoltán – Szerkesztő, riporter
 
Tóth Péter Pál - Rendező- operatőr
