{"version":"1.0","type":"video","provider_name":"Indavideo","provider_url":"\/\/indavideo.hu\/","width":640,"height":360,"html":"<iframe class=\"indavideo-player\" allowfullscreen id=\"player-90a7cd0fce\" type=\"text\/html\" src=\"https:\/\/indavideo.hu\/player\/video\/90a7cd0fce\/\" title=\"indavideo video player\" scrolling=\"no\" width=\"640\" height=\"360\"  frameborder=\"0\"><\/iframe>","title":"Dublinba rend\u0151rnek \u00f6lt\u00f6z\u00f6tt fegyveresek l\u00f6v\u00f6ld\u00f6zni kezdtek","author_named":"hirajanlo","author_url":"\/\/indavideo.hu\/profile\/hirajanlo\/","thumbnail_url":"\/\/pics.indavideo.hu\/videos\/002\/010\/493\/2-2.jpg","indavideo_url":"\/\/indavideo.hu\/video\/Dublinba_rendornek_oltozott_fegyveresek_lovoldozni_kezdtek","thumbnail_width":160,"thumbnail_height":120,"thumbnail_m_url":"\/\/pics.indavideo.hu\/videos\/002\/010\/493\/3-2.jpg","thumbnail_m_width":330,"thumbnail_m_height":185,"thumbnails":["\/\/pics.indavideo.hu\/videos\/002\/010\/493\/1-2.jpg","\/\/pics.indavideo.hu\/videos\/002\/010\/493\/2-2.jpg","\/\/pics.indavideo.hu\/videos\/002\/010\/493\/3-2.jpg","\/\/pics.indavideo.hu\/videos\/002\/010\/493\/4-2.jpg","\/\/pics.indavideo.hu\/videos\/002\/010\/493\/5-2.jpg","\/\/pics.indavideo.hu\/videos\/002\/010\/493\/6-2.jpg","\/\/pics.indavideo.hu\/videos\/002\/010\/493\/7-2.jpg"],"description":"","length":"38","hash":"90a7cd0fce","id":"2010493"}

Dublinba rendőrnek öltözött fegyveresek lövöldözni kezdtek
